{"id":4829,"date":"2017-01-17T14:00:16","date_gmt":"2017-01-17T14:00:16","guid":{"rendered":"http:\/\/divulgaciondinamica.info\/promos\/?page_id=4829"},"modified":"2017-02-03T11:44:55","modified_gmt":"2017-02-03T11:44:55","slug":"master-en-mediacion-y-resolucion-de-conflictos-cg-cadiz","status":"publish","type":"page","link":"https:\/\/divulgaciondinamica.info\/promos\/master-en-mediacion-y-resolucion-de-conflictos-cg-cadiz\/","title":{"rendered":"M\u00e1ster en Mediaci\u00f3n y Resoluci\u00f3n de Conflictos CG C\u00e1diz"},"content":{"rendered":"<p>[vc_row css=\u00bb.vc_custom_1427804811471{margin-top: 25px !important;margin-bottom: 25px !important;}\u00bb][vc_column width=\u00bb1\/2&#8243;][vc_single_image image=\u00bb4874&#8243; img_size=\u00bb301&#215;82&#8243; onclick=\u00bbcustom_link\u00bb link=\u00bbhttp:\/\/divulgaciondinamica.info\/promos\/colegio-profesional-de-trabajo-social-de-cadiz-2017\/\u00bb][\/vc_column][vc_column width=\u00bb1\/2&#8243;][vc_column_text]<\/p>\n<p style=\"text-align: right;\"><strong>INFORMACI\u00d3N: soporte9@divulgaciondinamica.es<\/strong><\/p>\n<p style=\"text-align: right;\"><strong>MATRICULACI\u00d3N: cadiz@cgtrabajosocial.es<\/strong><\/p>\n<p>[\/vc_column_text][\/vc_column][\/vc_row][vc_row css=\u00bb.vc_custom_1484657534791{margin-top: 60px !important;margin-bottom: 60px !important;}\u00bb][vc_column][vc_single_image image=\u00bb4807&#8243; img_size=\u00bbfull\u00bb alignment=\u00bbcenter\u00bb][\/vc_column][\/vc_row][vc_row css=\u00bb.vc_custom_1484657118750{margin-bottom: 30px !important;padding-top: 10px !important;padding-bottom: 10px !important;background-color: #0a8336 !important;}\u00bb][vc_column][vc_custom_heading text=\u00bbM\u00e1ster en Mediaci\u00f3n y Resoluci\u00f3n de Conflictos\u00bb font_container=\u00bbtag:h2|font_size:26|text_align:left|color:%23ffffff\u00bb google_fonts=\u00bbfont_family:Lato%3A100%2C100italic%2C300%2C300italic%2Cregular%2Citalic%2C700%2C700italic%2C900%2C900italic|font_style:400%20regular%3A400%3Anormal\u00bb][\/vc_column][\/vc_row][vc_row css=\u00bb.vc_custom_1484657534791{margin-top: 60px !important;margin-bottom: 60px !important;}\u00bb][vc_column width=\u00bb1\/4&#8243;][vc_custom_heading text=\u00bbModalidad:\u00bb font_container=\u00bbtag:h2|font_size:22|text_align:center|color:%23666666&#8243; google_fonts=\u00bbfont_family:Lato%3A100%2C100italic%2C300%2C300italic%2Cregular%2Citalic%2C700%2C700italic%2C900%2C900italic|font_style:700%20bold%20regular%3A700%3Anormal\u00bb][vc_custom_heading text=\u00bbOnline\u00bb font_container=\u00bbtag:h2|font_size:16|text_align:center|color:%23666666&#8243; google_fonts=\u00bbfont_family:Lato%3A100%2C100italic%2C300%2C300italic%2Cregular%2Citalic%2C700%2C700italic%2C900%2C900italic|font_style:400%20regular%3A400%3Anormal\u00bb][\/vc_column][vc_column width=\u00bb1\/4&#8243;][vc_custom_heading text=\u00bbDuraci\u00f3n:\u00bb font_container=\u00bbtag:h2|font_size:22|text_align:center|color:%23666666&#8243; google_fonts=\u00bbfont_family:Lato%3A100%2C100italic%2C300%2C300italic%2Cregular%2Citalic%2C700%2C700italic%2C900%2C900italic|font_style:700%20bold%20regular%3A700%3Anormal\u00bb][vc_custom_heading text=\u00bb540 horas\u00bb font_container=\u00bbtag:h2|font_size:16|text_align:center|color:%23666666&#8243; google_fonts=\u00bbfont_family:Lato%3A100%2C100italic%2C300%2C300italic%2Cregular%2Citalic%2C700%2C700italic%2C900%2C900italic|font_style:400%20regular%3A400%3Anormal\u00bb][\/vc_column][vc_column width=\u00bb1\/4&#8243;][vc_custom_heading text=\u00bbFecha Inicio\/Fin:\u00bb font_container=\u00bbtag:h2|font_size:22|text_align:center|color:%23666666&#8243; google_fonts=\u00bbfont_family:Lato%3A100%2C100italic%2C300%2C300italic%2Cregular%2Citalic%2C700%2C700italic%2C900%2C900italic|font_style:700%20bold%20regular%3A700%3Anormal\u00bb][vc_custom_heading text=\u00bbInicio: 03\/10\/2017<br \/>\nFin: 22\/12\/2017&#8243; font_container=\u00bbtag:h2|font_size:16|text_align:center|color:%23666666&#8243; google_fonts=\u00bbfont_family:Lato%3A100%2C100italic%2C300%2C300italic%2Cregular%2Citalic%2C700%2C700italic%2C900%2C900italic|font_style:400%20regular%3A400%3Anormal\u00bb][\/vc_column][vc_column width=\u00bb1\/4&#8243;][vc_custom_heading text=\u00bbCoste:\u00bb font_container=\u00bbtag:h2|font_size:22|text_align:center|color:%23666666&#8243; google_fonts=\u00bbfont_family:Lato%3A100%2C100italic%2C300%2C300italic%2Cregular%2Citalic%2C700%2C700italic%2C900%2C900italic|font_style:700%20bold%20regular%3A700%3Anormal\u00bb][vc_custom_heading text=\u00bbColegiados\/as: 90\u20ac<br \/>\nNo Colegiados\/as: 100\u20ac\u00bb font_container=\u00bbtag:h2|font_size:16|text_align:center|color:%23666666&#8243; google_fonts=\u00bbfont_family:Lato%3A100%2C100italic%2C300%2C300italic%2Cregular%2Citalic%2C700%2C700italic%2C900%2C900italic|font_style:400%20regular%3A400%3Anormal\u00bb][\/vc_column][\/vc_row][vc_row css=\u00bb.vc_custom_1427805189823{margin-top: 35px !important;margin-bottom: 35px !important;}\u00bb][vc_column width=\u00bb1\/2&#8243;][vc_custom_heading text=\u00bbPresentaci\u00f3n del Curso:\u00bb font_container=\u00bbtag:h2|font_size:22|text_align:left|color:%23666666&#8243; google_fonts=\u00bbfont_family:Lato%3A100%2C100italic%2C300%2C300italic%2Cregular%2Citalic%2C700%2C700italic%2C900%2C900italic|font_style:700%20bold%20regular%3A700%3Anormal\u00bb css=\u00bb.vc_custom_1484661320814{margin-bottom: 20px !important;}\u00bb][vc_column_text css=\u00bb.vc_custom_1486122164303{margin-bottom: 30px !important;}\u00bb]<\/p>\n<div id=\"stcpDiv\">\n<p>La mediaci\u00f3n es una disciplina que poco a poco se va abriendo camino en nuestras sociedades.<\/p>\n<p>Las sociedades democr\u00e1ticas han conseguido en estos \u00faltimos a\u00f1os un conjunto de libertades que permiten a sus ciudadanos disfrutar de nuevos \u00e1mbitos de bienestar, pero que, a su vez, generan nuevos desajustes entre las personas que dan lugar a multitud de conflictos.<\/p>\n<p>Esta din\u00e1mica social produce que la mediaci\u00f3n y sus profesionales sean expertos muy solicitados en nuestros d\u00edas y que act\u00faen en \u00e1mbitos tan distintos como la empresa, la familia, el barrio, la escuela,\u2026<\/p>\n<p>Divulgaci\u00f3n Din\u00e1mica ha generado este campus de conocimientos como pionera de la formaci\u00f3n de mediadores a trav\u00e9s de las nuevas tecnolog\u00edas.<\/p>\n<p style=\"text-align: left;\" align=\"justify\">\n<\/div>\n<p>[\/vc_column_text][\/vc_column][vc_column width=\u00bb1\/2&#8243;][vc_custom_heading text=\u00bbTemario:\u00bb font_container=\u00bbtag:h2|font_size:22|text_align:left|color:%23666666&#8243; google_fonts=\u00bbfont_family:Lato%3A100%2C100italic%2C300%2C300italic%2Cregular%2Citalic%2C700%2C700italic%2C900%2C900italic|font_style:700%20bold%20regular%3A700%3Anormal\u00bb css=\u00bb.vc_custom_1484661329031{margin-bottom: 20px !important;}\u00bb][vc_column_text]<\/p>\n<div id=\"stcpDiv\">\n<div id=\"stcpDiv\">\n<p><strong>1. RESOLUCI\u00d3N DE CONFLICTOS<\/strong><\/p>\n<p>1.1 Reuniendo los materiales para entender el conflicto<br \/>\n1.2 Analizando el conflicto.Visi\u00f3n hol\u00edstica y espec\u00edfica<br \/>\n1.3 Los m\u00e9todos alternativos de resoluci\u00f3n de disputas<br \/>\n1.4 La mediaci\u00f3n<\/p>\n<p><strong>2. PREVENCI\u00d3N DE CONFLICTOS<\/strong><\/p>\n<p>2.1 Concepto y tipolog\u00eda del conflicto<br \/>\n2.2 Estrategia de la prevenci\u00f3n de conflictos<\/p>\n<p><strong>3. MEDIACI\u00d3N EN CONTEXTOS EDUCATIVOS<\/strong><\/p>\n<p>3.1 La convivencia escolar<br \/>\n3.2 Mediaci\u00f3n escolar: Conceptos clave<br \/>\n3.3 El conflicto en el medio escolar. Prevenci\u00f3n y resoluci\u00f3n de conflictos<br \/>\n3.4 Habilidades y t\u00e9cnicas para la mediaci\u00f3n<br \/>\n3.5 El mediador<br \/>\n3.6 Beneficios de la mediaci\u00f3n escolar<\/p>\n<p><strong>4. MEDIACI\u00d3N COMUNITARIA<\/strong><\/p>\n<p>4.1 Mediaci\u00f3n social y comunitaria<br \/>\n4.2 Mediaci\u00f3n comunitaria como metodolog\u00eda<br \/>\n4.3 An\u00e1lisis de la realidad comunitaria<br \/>\n4.4 Desarrollo y culminaci\u00f3n del proceso de mediaci\u00f3n comunitaria<br \/>\n4.5 \u00c1mbitos de aplicaci\u00f3n<br \/>\n4.6 Evaluaci\u00f3n de los procesos de mediaci\u00f3n comunitaria<\/p>\n<p><strong>5. MEDIACI\u00d3N EN CONTEXTOS FAMILIARES<\/strong><\/p>\n<p>5.1 Antecedentes de la mediaci\u00f3n familiar<br \/>\n5.2 Concepto de Mediaci\u00f3n Familiar<br \/>\n5.3 Modelos de intervenci\u00f3n en mediaci\u00f3n<br \/>\n5.4 El rol del mediador<br \/>\n5.5 Fases de la Mediaci\u00f3n<br \/>\n5.6 Marco Legal. Programa de mediaci\u00f3n para la separaci\u00f3n y el divorcio<br \/>\n5.7 La pareja y la mediaci\u00f3n<\/p>\n<p><strong>6. MEDIACI\u00d3N JUVENIL: UNA PERSPECTIVA DESDE EL CONFLICTO<\/strong><\/p>\n<p>6.1 Perfil del mediador juvenil<br \/>\n6.2 Diferencias con el resto de profesionales que trabajan con j\u00f3venes<br \/>\n6.3 Los j\u00f3venes en la escena social<br \/>\n6.4 Los j\u00f3venes en la escena del conflicto<\/p>\n<p><strong>7. MEDIACI\u00d3N INTERCULTURAL<\/strong><\/p>\n<p>7.1 Introducci\u00f3n. Mediaci\u00f3n intercultural<br \/>\n7.2 Perfil del mediador intercultural<br \/>\n7.3 \u00c1mbito de la mediaci\u00f3n intercultural<\/p>\n<p><strong>8. EVALUACI\u00d3N EN EL PROCESO DE LA MEDIACI\u00d3N<\/strong><\/p>\n<p>8.1 La evaluaci\u00f3n como estrategia para optimizar los procesos y programas de mediaci\u00f3n<br \/>\n8.2 Concepto, fines y funciones<br \/>\n8.3 Perspectivas y enfoques a la hora de evaluar<br \/>\n8.4 Planificaci\u00f3n y desarrollo de la evaluaci\u00f3n<br \/>\n8.5 El informe de evaluaci\u00f3n<br \/>\n8.6 Caracter\u00edsticas, audiencias y estructura<br \/>\n8.7 Evaluaci\u00f3n de la evaluaci\u00f3n. Mejora de los procesos evaluativos<\/p>\n<\/div>\n<\/div>\n<p>[\/vc_column_text][\/vc_column][\/vc_row]<\/p>\n","protected":false},"excerpt":{"rendered":"<p>[vc_row css=\u00bb.vc_custom_1427804811471{margin-top: 25px !important;margin-bottom: 25px !important;}\u00bb][vc_column width=\u00bb1\/2&#8243;][vc_single_image image=\u00bb4874&#8243; img_size=\u00bb301&#215;82&#8243; onclick=\u00bbcustom_link\u00bb link=\u00bbhttp:\/\/divulgaciondinamica.info\/promos\/colegio-profesional-de-trabajo-social-de-cadiz-2017\/\u00bb][\/vc_column][vc_column width=\u00bb1\/2&#8243;][vc_column_text] INFORMACI\u00d3N: soporte9@divulgaciondinamica.es MATRICULACI\u00d3N: cadiz@cgtrabajosocial.es [\/vc_column_text][\/vc_column][\/vc_row][vc_row css=\u00bb.vc_custom_1484657534791{margin-top: 60px !important;margin-bottom: 60px !important;}\u00bb][vc_column][vc_single_image image=\u00bb4807&#8243; img_size=\u00bbfull\u00bb alignment=\u00bbcenter\u00bb][\/vc_column][\/vc_row][vc_row css=\u00bb.vc_custom_1484657118750{margin-bottom: 30px !important;padding-top: 10px !important;padding-bottom: 10px !important;background-color: #0a8336 !important;}\u00bb][vc_column][vc_custom_heading text=\u00bbM\u00e1ster en Mediaci\u00f3n y Resoluci\u00f3n de<\/p>\n","protected":false},"author":1,"featured_media":0,"parent":0,"menu_order":0,"comment_status":"closed","ping_status":"closed","template":"","meta":[],"yoast_head":"<!-- This site is optimized with the Yoast SEO plugin v15.7 - https:\/\/yoast.com\/wordpress\/plugins\/seo\/ -->\n<title>M\u00e1ster en Mediaci\u00f3n y Resoluci\u00f3n de Conflictos CG C\u00e1diz - Divulgaci\u00f3n Din\u00e1mica<\/title>\n<meta name=\"robots\" content=\"index, follow, max-snippet:-1, max-image-preview:large, max-video-preview:-1\" \/>\n<link rel=\"canonical\" href=\"https:\/\/divulgaciondinamica.info\/promos\/master-en-mediacion-y-resolucion-de-conflictos-cg-cadiz\/\" \/>\n<meta property=\"og:locale\" content=\"es_ES\" \/>\n<meta property=\"og:type\" content=\"article\" \/>\n<meta property=\"og:title\" content=\"M\u00e1ster en Mediaci\u00f3n y Resoluci\u00f3n de Conflictos CG C\u00e1diz - Divulgaci\u00f3n Din\u00e1mica\" \/>\n<meta property=\"og:description\" content=\"[vc_row css=\u00bb.vc_custom_1427804811471{margin-top: 25px !important;margin-bottom: 25px !important;}\u00bb][vc_column width=\u00bb1\/2&#8243;][vc_single_image image=\u00bb4874&#8243; img_size=\u00bb301&#215;82&#8243; onclick=\u00bbcustom_link\u00bb link=\u00bbhttp:\/\/divulgaciondinamica.info\/promos\/colegio-profesional-de-trabajo-social-de-cadiz-2017\/\u00bb][\/vc_column][vc_column width=\u00bb1\/2&#8243;][vc_column_text] INFORMACI\u00d3N: soporte9@divulgaciondinamica.es MATRICULACI\u00d3N: cadiz@cgtrabajosocial.es [\/vc_column_text][\/vc_column][\/vc_row][vc_row css=\u00bb.vc_custom_1484657534791{margin-top: 60px !important;margin-bottom: 60px !important;}\u00bb][vc_column][vc_single_image image=\u00bb4807&#8243; img_size=\u00bbfull\u00bb alignment=\u00bbcenter\u00bb][\/vc_column][\/vc_row][vc_row css=\u00bb.vc_custom_1484657118750{margin-bottom: 30px !important;padding-top: 10px !important;padding-bottom: 10px !important;background-color: #0a8336 !important;}\u00bb][vc_column][vc_custom_heading text=\u00bbM\u00e1ster en Mediaci\u00f3n y Resoluci\u00f3n de\" \/>\n<meta property=\"og:url\" content=\"https:\/\/divulgaciondinamica.info\/promos\/master-en-mediacion-y-resolucion-de-conflictos-cg-cadiz\/\" \/>\n<meta property=\"og:site_name\" content=\"Divulgaci\u00f3n Din\u00e1mica\" \/>\n<meta property=\"article:publisher\" content=\"https:\/\/www.facebook.com\/divulgaciondinamicaformacion\/\" \/>\n<meta property=\"article:modified_time\" content=\"2017-02-03T11:44:55+00:00\" \/>\n<meta name=\"twitter:card\" content=\"summary_large_image\" \/>\n<meta name=\"twitter:site\" content=\"@divulgaciond\" \/>\n<meta name=\"twitter:label1\" content=\"Tiempo de lectura\">\n\t<meta name=\"twitter:data1\" content=\"5 minutos\">\n<script type=\"application\/ld+json\" class=\"yoast-schema-graph\">{\"@context\":\"https:\/\/schema.org\",\"@graph\":[{\"@type\":\"Organization\",\"@id\":\"https:\/\/divulgaciondinamica.info\/promos\/#organization\",\"name\":\"Divulgaci\\u00f3n Din\\u00e1mica S.L.\",\"url\":\"https:\/\/divulgaciondinamica.info\/promos\/\",\"sameAs\":[\"https:\/\/www.facebook.com\/divulgaciondinamicaformacion\/\",\"https:\/\/www.instagram.com\/divulgaciondinamica\",\"https:\/\/www.linkedin.com\/company-beta\/9490428\/\",\"https:\/\/www.youtube.com\/user\/ddinamica2010\",\"https:\/\/twitter.com\/divulgaciond\"],\"logo\":{\"@type\":\"ImageObject\",\"@id\":\"https:\/\/divulgaciondinamica.info\/promos\/#logo\",\"inLanguage\":\"es\",\"url\":\"https:\/\/divulgaciondinamica.info\/promos\/wp-content\/uploads\/2016\/02\/logo-divulgaciondinamica-ddf.png\",\"width\":400,\"height\":79,\"caption\":\"Divulgaci\\u00f3n Din\\u00e1mica S.L.\"},\"image\":{\"@id\":\"https:\/\/divulgaciondinamica.info\/promos\/#logo\"}},{\"@type\":\"WebSite\",\"@id\":\"https:\/\/divulgaciondinamica.info\/promos\/#website\",\"url\":\"https:\/\/divulgaciondinamica.info\/promos\/\",\"name\":\"Divulgaci\\u00f3n Din\\u00e1mica\",\"description\":\"Formaci\\u00f3n de calidad al alcance de todos\",\"publisher\":{\"@id\":\"https:\/\/divulgaciondinamica.info\/promos\/#organization\"},\"potentialAction\":[{\"@type\":\"SearchAction\",\"target\":\"https:\/\/divulgaciondinamica.info\/promos\/?s={search_term_string}\",\"query-input\":\"required name=search_term_string\"}],\"inLanguage\":\"es\"},{\"@type\":\"WebPage\",\"@id\":\"https:\/\/divulgaciondinamica.info\/promos\/master-en-mediacion-y-resolucion-de-conflictos-cg-cadiz\/#webpage\",\"url\":\"https:\/\/divulgaciondinamica.info\/promos\/master-en-mediacion-y-resolucion-de-conflictos-cg-cadiz\/\",\"name\":\"M\\u00e1ster en Mediaci\\u00f3n y Resoluci\\u00f3n de Conflictos CG C\\u00e1diz - Divulgaci\\u00f3n Din\\u00e1mica\",\"isPartOf\":{\"@id\":\"https:\/\/divulgaciondinamica.info\/promos\/#website\"},\"datePublished\":\"2017-01-17T14:00:16+00:00\",\"dateModified\":\"2017-02-03T11:44:55+00:00\",\"inLanguage\":\"es\",\"potentialAction\":[{\"@type\":\"ReadAction\",\"target\":[\"https:\/\/divulgaciondinamica.info\/promos\/master-en-mediacion-y-resolucion-de-conflictos-cg-cadiz\/\"]}]}]}<\/script>\n<!-- \/ Yoast SEO plugin. -->","_links":{"self":[{"href":"https:\/\/divulgaciondinamica.info\/promos\/wp-json\/wp\/v2\/pages\/4829"}],"collection":[{"href":"https:\/\/divulgaciondinamica.info\/promos\/wp-json\/wp\/v2\/pages"}],"about":[{"href":"https:\/\/divulgaciondinamica.info\/promos\/wp-json\/wp\/v2\/types\/page"}],"author":[{"embeddable":true,"href":"https:\/\/divulgaciondinamica.info\/promos\/wp-json\/wp\/v2\/users\/1"}],"replies":[{"embeddable":true,"href":"https:\/\/divulgaciondinamica.info\/promos\/wp-json\/wp\/v2\/comments?post=4829"}],"version-history":[{"count":5,"href":"https:\/\/divulgaciondinamica.info\/promos\/wp-json\/wp\/v2\/pages\/4829\/revisions"}],"predecessor-version":[{"id":5186,"href":"https:\/\/divulgaciondinamica.info\/promos\/wp-json\/wp\/v2\/pages\/4829\/revisions\/5186"}],"wp:attachment":[{"href":"https:\/\/divulgaciondinamica.info\/promos\/wp-json\/wp\/v2\/media?parent=4829"}],"curies":[{"name":"wp","href":"https:\/\/api.w.org\/{rel}","templated":true}]}}