{"id":2753,"date":"2016-05-27T11:19:43","date_gmt":"2016-05-27T11:19:43","guid":{"rendered":"http:\/\/divulgaciondinamica.info\/promos\/?page_id=2753"},"modified":"2017-05-16T09:09:01","modified_gmt":"2017-05-16T09:09:01","slug":"curso-de-recursos-humanos-y-gestion-de-personas-ddf","status":"publish","type":"page","link":"https:\/\/divulgaciondinamica.info\/promos\/curso-de-recursos-humanos-y-gestion-de-personas-ddf\/","title":{"rendered":"Curso de Recursos Humanos y Gesti\u00f3n de Personas DDF"},"content":{"rendered":"<p>[vc_row css=\u00bb.vc_custom_1427804811471{margin-top: 25px !important;margin-bottom: 25px !important;}\u00bb][vc_column width=\u00bb2\/3&#8243;][vc_single_image image=\u00bb1573&#8243; img_size=\u00bb661&#215;82&#8243;][\/vc_column][vc_column width=\u00bb1\/3&#8243;][vc_column_text]<\/p>\n<h6 style=\"text-align: right;\"><i class=\"fa fa-whatsapp\"><\/i> 618 88 94 42<\/h6>\n<p style=\"text-align: right;\"><strong>soporte4@divulgaciondinamica.es<\/strong><\/p>\n<p>[\/vc_column_text][\/vc_column][\/vc_row][vc_row css=\u00bb.vc_custom_1489484355483{margin-top: 25px !important;margin-bottom: 15px !important;}\u00bb][vc_column][vc_custom_heading text=\u00bbCurso Online<br \/>\n\u00bb font_container=\u00bbtag:p|font_size:32|text_align:center|color:%230a7aba|line_height:1.1&#8243; google_fonts=\u00bbfont_family:Lato%3A100%2C100italic%2C300%2C300italic%2Cregular%2Citalic%2C700%2C700italic%2C900%2C900italic|font_style:300%20light%20regular%3A300%3Anormal\u00bb css=\u00bb.vc_custom_1490955635731{margin-bottom: 15px !important;}\u00bb][vc_custom_heading text=\u00bbRecursos Humanos y Gesti\u00f3n de Personas\u00bb font_container=\u00bbtag:h1|font_size:38|text_align:center|color:%230a7aba|line_height:1.1&#8243; google_fonts=\u00bbfont_family:Lato%3A100%2C100italic%2C300%2C300italic%2Cregular%2Citalic%2C700%2C700italic%2C900%2C900italic|font_style:900%20bold%20regular%3A900%3Anormal\u00bb css=\u00bb.vc_custom_1491990146624{margin-bottom: 15px !important;}\u00bb][\/vc_column][\/vc_row][vc_row][vc_column][vc_column_text]<img loading=\"lazy\" class=\"alignleft wp-image-2464 size-full\" title=\"Recursos Humanos y Gesti\u00f3n de Personas\" src=\"http:\/\/divulgaciondinamica.info\/promos\/wp-content\/uploads\/2016\/04\/imagen-curso-gestion-de-personas-y-recursos-humanos.jpg\" alt=\"Curso de Recursos Humanos y Gesti\u00f3n de Personas Online\" width=\"643\" height=\"434\" srcset=\"https:\/\/divulgaciondinamica.info\/promos\/wp-content\/uploads\/2016\/04\/imagen-curso-gestion-de-personas-y-recursos-humanos.jpg 643w, https:\/\/divulgaciondinamica.info\/promos\/wp-content\/uploads\/2016\/04\/imagen-curso-gestion-de-personas-y-recursos-humanos-300x202.jpg 300w\" sizes=\"(max-width: 643px) 100vw, 643px\" \/><a href=\"http:\/\/www.divulgaciondinamica.es\/secretariainfo\/alumnos\/form\/744\/\" target=\"_blank\"><img loading=\"lazy\" class=\"alignleft wp-image-6069 size-full\" title=\"Solicita informaci\u00f3n del curso de Recursos Humanos y Gesti\u00f3n de Personas\" src=\"http:\/\/divulgaciondinamica.info\/promos\/wp-content\/uploads\/2016\/05\/PROMO-Recursos-Humanos-y-Gesti\u00f3n-de-Personas_02-5.png\" alt=\"Recursos Humanos y Gesti\u00f3n de Personas\" width=\"417\" height=\"434\" srcset=\"https:\/\/divulgaciondinamica.info\/promos\/wp-content\/uploads\/2016\/05\/PROMO-Recursos-Humanos-y-Gesti\u00f3n-de-Personas_02-5.png 417w, https:\/\/divulgaciondinamica.info\/promos\/wp-content\/uploads\/2016\/05\/PROMO-Recursos-Humanos-y-Gesti\u00f3n-de-Personas_02-5-288x300.png 288w\" sizes=\"(max-width: 417px) 100vw, 417px\" \/><\/a>[\/vc_column_text][\/vc_column][\/vc_row][vc_row css=\u00bb.vc_custom_1427804437681{margin-top: 35px !important;margin-bottom: 35px !important;}\u00bb][vc_column width=\u00bb1\/4&#8243;][vc_single_image image=\u00bb59&#8243; img_size=\u00bb250&#215;195&#8243; alignment=\u00bbcenter\u00bb][\/vc_column][vc_column width=\u00bb1\/4&#8243;][vc_single_image image=\u00bb60&#8243; img_size=\u00bb250&#215;195&#8243; alignment=\u00bbcenter\u00bb][\/vc_column][vc_column width=\u00bb1\/4&#8243;][vc_single_image image=\u00bb61&#8243; img_size=\u00bb250&#215;195&#8243; alignment=\u00bbcenter\u00bb][\/vc_column][vc_column width=\u00bb1\/4&#8243;][vc_single_image image=\u00bb2466&#8243; img_size=\u00bb250&#215;195&#8243; alignment=\u00bbcenter\u00bb onclick=\u00bbcustom_link\u00bb link=\u00bbhttp:\/\/www.divulgaciondinamica.es\/secretariainfo\/alumnos\/form\/744\/\u00bb][\/vc_column][\/vc_row][vc_row][vc_column][vc_column_text]<br \/>\n[\/vc_column_text][\/vc_column][\/vc_row][vc_row css=\u00bb.vc_custom_1427805189823{margin-top: 35px !important;margin-bottom: 35px !important;}\u00bb][vc_column width=\u00bb1\/2&#8243;][vc_column_text css=\u00bb.vc_custom_1491990216323{margin-bottom: 30px !important;}\u00bb]<\/p>\n<div id=\"stcpDiv\" style=\"text-align: justify;\">\n<h3 style=\"text-align: left;\" align=\"justify\">Presentaci\u00f3n del Curso:<\/h3>\n<p>&nbsp;<\/p>\n<p>La gesti\u00f3n de personas es una de las \u00e1reas del management que\u00a0 mayor implicaci\u00f3n tiene en la estrategia y en la consecuci\u00f3n de objetivos del negocio, siendo adem\u00e1s, capaz de aportar a las organizaciones un valor a\u00f1adido de competitividad en un mercado como el actual.<\/p>\n<p>La capacidad de una empresa para involucrar a las personas con la misi\u00f3n, visi\u00f3n, valores y metas corporativas, as\u00ed como la capacidad de conocer las fortalezas y debilidades de las personas para desarrollar el potencial existente, marcan la diferencia y generan ventajas competitivas.<\/p>\n<p>El curso de Recursos Humanos y Gesti\u00f3n de Personas Online que presentamos, pretende ofrecer una formaci\u00f3n b\u00e1sica en aquellos elementos conceptuales, metodol\u00f3gicos y pr\u00e1cticos que permitan priorizar el papel estrat\u00e9gico de la gesti\u00f3n de recursos humanos en las organizaciones, pasando de una gesti\u00f3n tradicional de los recursos humanos a una direcci\u00f3n de personas que permita potenciar el factor humano que se engloba en cada organizaci\u00f3n y que son realmente el pilar fundamental del \u00e9xito de la misma.<\/p>\n<p><img loading=\"lazy\" class=\"alignleft size-full wp-image-53\" src=\"http:\/\/divulgaciondinamica.info\/promos\/wp-content\/uploads\/2015\/03\/diploma-digital1.png\" alt=\"diploma-digital\" width=\"479\" height=\"322\" srcset=\"https:\/\/divulgaciondinamica.info\/promos\/wp-content\/uploads\/2015\/03\/diploma-digital1.png 479w, https:\/\/divulgaciondinamica.info\/promos\/wp-content\/uploads\/2015\/03\/diploma-digital1-300x202.png 300w\" sizes=\"(max-width: 479px) 100vw, 479px\" \/><\/p>\n<p style=\"text-align: left;\" align=\"justify\">\n<\/div>\n<p>[\/vc_column_text][\/vc_column][vc_column width=\u00bb1\/2&#8243;][vc_column_text]<\/p>\n<div id=\"stcpDiv\">\n<h3 style=\"text-align: left;\" align=\"justify\">Temario del Curso:<\/h3>\n<p>&nbsp;<\/p>\n<div id=\"stcpDiv\">\n<div id=\"stcpDiv\">\n<p><strong>1. LOS RECURSOS HUMANOS: N\u00daCLEO DE LAS ORGANIZACIONES<\/strong><\/p>\n<p>1.1 Los recursos humanos y la funci\u00f3n de los recursos humanos<br \/>\n1.2 Importancia de los recursos humanos en las organizaciones<br \/>\n1.3 Gesti\u00f3n estrat\u00e9gica de los recursos humanos. Planificaci\u00f3n de RRHH<br \/>\n1.4 Modelos de gesti\u00f3n de recursos humanos<br \/>\n1.5 Modelo de gesti\u00f3n por competencias<\/p>\n<p><strong>2. INTEGRACI\u00d3N DEL TALENTO: SELECCI\u00d3N DE RECURSOS HUMANOS<\/strong><\/p>\n<p>2.1 Selecci\u00f3n de recursos humanos<br \/>\n2.2 El proceso de reclutamiento y selecci\u00f3n: descripci\u00f3n general<br \/>\n2.3 Preselecci\u00f3n de solicitantes<br \/>\n2.4 Selecci\u00f3n, evaluaci\u00f3n y toma de decisiones<br \/>\n2.5 La acogida<br \/>\n2.6 Seguimiento e incorporaci\u00f3n definitiva<\/p>\n<p><strong>3. RETENCI\u00d3N DEL TALENTO: MOTIVACI\u00d3N, LIDERAZGO<\/strong><\/p>\n<p>3.1 Retenci\u00f3n del talento y relaciones empresa-trabajador<br \/>\n3.2 La motivaci\u00f3n laboral<br \/>\n3.3 Pr\u00e1cticas de recursos humanos para la motivaci\u00f3n laboral: job enrichment y empowerment<br \/>\n3.4 Liderazgo<br \/>\n3.5 El liderazgo desde la pr\u00e1ctica de los recursos humanos<\/p>\n<p><strong>4. EVALUACI\u00d3N DEL DESEMPE\u00d1O<\/strong><\/p>\n<p>4.1 El desempe\u00f1o y su evaluaci\u00f3n en las organizaciones<br \/>\n4.2 M\u00e9todos de evaluaci\u00f3n de desempe\u00f1o<br \/>\n4.3 El sistema de gesti\u00f3n del\u00a0 desempe\u00f1o<br \/>\n4.4 Habilidades para la evaluaci\u00f3n del desempe\u00f1o<\/p>\n<p><strong>5. OPORTUNIDADES DE MEJORA: COMPORTAMIENTO ORGANIZACIONAL POSITIVO<\/strong><\/p>\n<p>5.1 Prevenci\u00f3n de riesgos psicosociales<br \/>\n5.2 Psicolog\u00eda organizacional positiva<br \/>\n5.3 Organizaciones saludables: modelos te\u00f3ricos<br \/>\n5.4 El Capital Psicol\u00f3gico: Autoeficacia, Optimismo, Esperanza, Resiliencia<br \/>\n5.5 La felicidad<\/p>\n<\/div>\n<\/div>\n<\/div>\n<p>[\/vc_column_text][\/vc_column][\/vc_row][vc_row css=\u00bb.vc_custom_1427806970509{margin-top: 35px !important;margin-bottom: 35px !important;}\u00bb][vc_column][vc_column_text]<\/p>\n<p style=\"text-align: center;\"><a class=\"vc_btn vc_btn_orange vc_btn-orange vc_btn_lg vc_btn-lg vc_btn_rounded\" title=\"\" href=\"http:\/\/www.divulgaciondinamica.es\/secretariainfo\/alumnos\/form\/744\/\" target=\"_blank\">SOLICITA M\u00c1S INFORMACI\u00d3N<\/a><\/p>\n<p>[\/vc_column_text][\/vc_column][\/vc_row]<\/p>\n","protected":false},"excerpt":{"rendered":"<p>[vc_row css=\u00bb.vc_custom_1427804811471{margin-top: 25px !important;margin-bottom: 25px !important;}\u00bb][vc_column width=\u00bb2\/3&#8243;][vc_single_image image=\u00bb1573&#8243; img_size=\u00bb661&#215;82&#8243;][\/vc_column][vc_column width=\u00bb1\/3&#8243;][vc_column_text] 618 88 94 42 soporte4@divulgaciondinamica.es [\/vc_column_text][\/vc_column][\/vc_row][vc_row css=\u00bb.vc_custom_1489484355483{margin-top: 25px !important;margin-bottom: 15px !important;}\u00bb][vc_column][vc_custom_heading text=\u00bbCurso Online \u00bb font_container=\u00bbtag:p|font_size:32|text_align:center|color:%230a7aba|line_height:1.1&#8243; google_fonts=\u00bbfont_family:Lato%3A100%2C100italic%2C300%2C300italic%2Cregular%2Citalic%2C700%2C700italic%2C900%2C900italic|font_style:300%20light%20regular%3A300%3Anormal\u00bb css=\u00bb.vc_custom_1490955635731{margin-bottom: 15px !important;}\u00bb][vc_custom_heading text=\u00bbRecursos Humanos y Gesti\u00f3n de Personas\u00bb font_container=\u00bbtag:h1|font_size:38|text_align:center|color:%230a7aba|line_height:1.1&#8243; google_fonts=\u00bbfont_family:Lato%3A100%2C100italic%2C300%2C300italic%2Cregular%2Citalic%2C700%2C700italic%2C900%2C900italic|font_style:900%20bold%20regular%3A900%3Anormal\u00bb css=\u00bb.vc_custom_1491990146624{margin-bottom: 15px !important;}\u00bb][\/vc_column][\/vc_row][vc_row][vc_column][vc_column_text][\/vc_column_text][\/vc_column][\/vc_row][vc_row<\/p>\n","protected":false},"author":1,"featured_media":0,"parent":0,"menu_order":0,"comment_status":"closed","ping_status":"closed","template":"","meta":[],"yoast_head":"<!-- This site is optimized with the Yoast SEO plugin v15.7 - https:\/\/yoast.com\/wordpress\/plugins\/seo\/ -->\n<title>Curso de Recursos Humanos y Gesti\u00f3n de Personas - Divulgaci\u00f3n Din\u00e1mica<\/title>\n<meta name=\"description\" content=\"Curso de Recursos Humanos y Gesti\u00f3n de Personas Online. Apostamos por una formaci\u00f3n de calidad al alcance de todos. Paga solo las tasas. \u00a1Inf\u00f3rmate!.\" \/>\n<meta name=\"robots\" content=\"index, follow, max-snippet:-1, max-image-preview:large, max-video-preview:-1\" \/>\n<link rel=\"canonical\" href=\"http:\/\/divulgaciondinamica.info\/promos\/curso-de-recursos-humanos-y-gestion-de-personas-b-ddf\/\" \/>\n<meta property=\"og:locale\" content=\"es_ES\" \/>\n<meta property=\"og:type\" content=\"article\" \/>\n<meta property=\"og:title\" content=\"Curso de Recursos Humanos y Gesti\u00f3n de Personas - Divulgaci\u00f3n Din\u00e1mica\" \/>\n<meta property=\"og:description\" content=\"Curso de Recursos Humanos y Gesti\u00f3n de Personas Online. Apostamos por una formaci\u00f3n de calidad al alcance de todos. Paga solo las tasas. \u00a1Inf\u00f3rmate!.\" \/>\n<meta property=\"og:url\" content=\"http:\/\/divulgaciondinamica.info\/promos\/curso-de-recursos-humanos-y-gestion-de-personas-b-ddf\/\" \/>\n<meta property=\"og:site_name\" content=\"Divulgaci\u00f3n Din\u00e1mica\" \/>\n<meta property=\"article:publisher\" content=\"https:\/\/www.facebook.com\/divulgaciondinamicaformacion\/\" \/>\n<meta property=\"article:modified_time\" content=\"2017-05-16T09:09:01+00:00\" \/>\n<meta property=\"og:image\" content=\"http:\/\/divulgaciondinamica.info\/promos\/wp-content\/uploads\/2016\/04\/imagen-curso-gestion-de-personas-y-recursos-humanos.jpg\" \/>\n<meta name=\"twitter:card\" content=\"summary_large_image\" \/>\n<meta name=\"twitter:site\" content=\"@divulgaciond\" \/>\n<meta name=\"twitter:label1\" content=\"Tiempo de lectura\">\n\t<meta name=\"twitter:data1\" content=\"4 minutos\">\n<script type=\"application\/ld+json\" class=\"yoast-schema-graph\">{\"@context\":\"https:\/\/schema.org\",\"@graph\":[{\"@type\":\"Organization\",\"@id\":\"https:\/\/divulgaciondinamica.info\/promos\/#organization\",\"name\":\"Divulgaci\\u00f3n Din\\u00e1mica S.L.\",\"url\":\"https:\/\/divulgaciondinamica.info\/promos\/\",\"sameAs\":[\"https:\/\/www.facebook.com\/divulgaciondinamicaformacion\/\",\"https:\/\/www.instagram.com\/divulgaciondinamica\",\"https:\/\/www.linkedin.com\/company-beta\/9490428\/\",\"https:\/\/www.youtube.com\/user\/ddinamica2010\",\"https:\/\/twitter.com\/divulgaciond\"],\"logo\":{\"@type\":\"ImageObject\",\"@id\":\"https:\/\/divulgaciondinamica.info\/promos\/#logo\",\"inLanguage\":\"es\",\"url\":\"https:\/\/divulgaciondinamica.info\/promos\/wp-content\/uploads\/2016\/02\/logo-divulgaciondinamica-ddf.png\",\"width\":400,\"height\":79,\"caption\":\"Divulgaci\\u00f3n Din\\u00e1mica S.L.\"},\"image\":{\"@id\":\"https:\/\/divulgaciondinamica.info\/promos\/#logo\"}},{\"@type\":\"WebSite\",\"@id\":\"https:\/\/divulgaciondinamica.info\/promos\/#website\",\"url\":\"https:\/\/divulgaciondinamica.info\/promos\/\",\"name\":\"Divulgaci\\u00f3n Din\\u00e1mica\",\"description\":\"Formaci\\u00f3n de calidad al alcance de todos\",\"publisher\":{\"@id\":\"https:\/\/divulgaciondinamica.info\/promos\/#organization\"},\"potentialAction\":[{\"@type\":\"SearchAction\",\"target\":\"https:\/\/divulgaciondinamica.info\/promos\/?s={search_term_string}\",\"query-input\":\"required name=search_term_string\"}],\"inLanguage\":\"es\"},{\"@type\":\"ImageObject\",\"@id\":\"http:\/\/divulgaciondinamica.info\/promos\/curso-de-recursos-humanos-y-gestion-de-personas-b-ddf\/#primaryimage\",\"inLanguage\":\"es\",\"url\":\"http:\/\/divulgaciondinamica.info\/promos\/wp-content\/uploads\/2016\/04\/imagen-curso-gestion-de-personas-y-recursos-humanos.jpg\"},{\"@type\":\"WebPage\",\"@id\":\"http:\/\/divulgaciondinamica.info\/promos\/curso-de-recursos-humanos-y-gestion-de-personas-b-ddf\/#webpage\",\"url\":\"http:\/\/divulgaciondinamica.info\/promos\/curso-de-recursos-humanos-y-gestion-de-personas-b-ddf\/\",\"name\":\"Curso de Recursos Humanos y Gesti\\u00f3n de Personas - Divulgaci\\u00f3n Din\\u00e1mica\",\"isPartOf\":{\"@id\":\"https:\/\/divulgaciondinamica.info\/promos\/#website\"},\"primaryImageOfPage\":{\"@id\":\"http:\/\/divulgaciondinamica.info\/promos\/curso-de-recursos-humanos-y-gestion-de-personas-b-ddf\/#primaryimage\"},\"datePublished\":\"2016-05-27T11:19:43+00:00\",\"dateModified\":\"2017-05-16T09:09:01+00:00\",\"description\":\"Curso de Recursos Humanos y Gesti\\u00f3n de Personas Online. Apostamos por una formaci\\u00f3n de calidad al alcance de todos. Paga solo las tasas. \\u00a1Inf\\u00f3rmate!.\",\"inLanguage\":\"es\",\"potentialAction\":[{\"@type\":\"ReadAction\",\"target\":[\"http:\/\/divulgaciondinamica.info\/promos\/curso-de-recursos-humanos-y-gestion-de-personas-b-ddf\/\"]}]}]}<\/script>\n<!-- \/ Yoast SEO plugin. -->","_links":{"self":[{"href":"https:\/\/divulgaciondinamica.info\/promos\/wp-json\/wp\/v2\/pages\/2753"}],"collection":[{"href":"https:\/\/divulgaciondinamica.info\/promos\/wp-json\/wp\/v2\/pages"}],"about":[{"href":"https:\/\/divulgaciondinamica.info\/promos\/wp-json\/wp\/v2\/types\/page"}],"author":[{"embeddable":true,"href":"https:\/\/divulgaciondinamica.info\/promos\/wp-json\/wp\/v2\/users\/1"}],"replies":[{"embeddable":true,"href":"https:\/\/divulgaciondinamica.info\/promos\/wp-json\/wp\/v2\/comments?post=2753"}],"version-history":[{"count":5,"href":"https:\/\/divulgaciondinamica.info\/promos\/wp-json\/wp\/v2\/pages\/2753\/revisions"}],"predecessor-version":[{"id":6416,"href":"https:\/\/divulgaciondinamica.info\/promos\/wp-json\/wp\/v2\/pages\/2753\/revisions\/6416"}],"wp:attachment":[{"href":"https:\/\/divulgaciondinamica.info\/promos\/wp-json\/wp\/v2\/media?parent=2753"}],"curies":[{"name":"wp","href":"https:\/\/api.w.org\/{rel}","templated":true}]}}