{"id":2397,"date":"2016-04-08T09:57:44","date_gmt":"2016-04-08T09:57:44","guid":{"rendered":"http:\/\/divulgaciondinamica.info\/promos\/?page_id=2397"},"modified":"2016-04-12T11:11:57","modified_gmt":"2016-04-12T11:11:57","slug":"curso-de-estrategias-para-la-mediacion-familiar-colegio-profesional-de-trabajo-social-de-cadiz","status":"publish","type":"page","link":"https:\/\/divulgaciondinamica.info\/promos\/curso-de-estrategias-para-la-mediacion-familiar-colegio-profesional-de-trabajo-social-de-cadiz\/","title":{"rendered":"Curso de Estrategias para la Mediaci\u00f3n Familiar &#8211; Colegio Profesional de Trabajo Social de C\u00e1diz"},"content":{"rendered":"<p>[vc_row css=\u00bb.vc_custom_1427804811471{margin-top: 25px !important;margin-bottom: 25px !important;}\u00bb][vc_column width=\u00bb2\/3&#8243;][vc_single_image image=\u00bb2399&#8243; img_size=\u00bb661&#215;82&#8243;][\/vc_column][vc_column width=\u00bb1\/3&#8243;][vc_column_text]<\/p>\n<h6 style=\"text-align: right;\"><i class=\"fa fa-phone\"><\/i> 954 28 60 37<\/h6>\n<p style=\"text-align: right;\"><strong>soporte2@divulgaciondinamica.es<\/strong><\/p>\n<p>[\/vc_column_text][\/vc_column][\/vc_row][vc_row][vc_column][vc_column_text]<img loading=\"lazy\" class=\"alignleft wp-image-2405 size-full\" src=\"http:\/\/divulgaciondinamica.info\/promos\/wp-content\/uploads\/2016\/04\/imagen-curso-estrategias-para-la-mediacion-familiar.jpg\" alt=\"\" width=\"643\" height=\"434\" srcset=\"https:\/\/divulgaciondinamica.info\/promos\/wp-content\/uploads\/2016\/04\/imagen-curso-estrategias-para-la-mediacion-familiar.jpg 643w, https:\/\/divulgaciondinamica.info\/promos\/wp-content\/uploads\/2016\/04\/imagen-curso-estrategias-para-la-mediacion-familiar-300x202.jpg 300w\" sizes=\"(max-width: 643px) 100vw, 643px\" \/><img loading=\"lazy\" class=\"alignleft wp-image-2417 size-full\" src=\"http:\/\/divulgaciondinamica.info\/promos\/wp-content\/uploads\/2016\/04\/Informacion-Curso-Estrategias-para-la-Mediacion-Familiar.png\" alt=\"\" width=\"417\" height=\"434\" srcset=\"https:\/\/divulgaciondinamica.info\/promos\/wp-content\/uploads\/2016\/04\/Informacion-Curso-Estrategias-para-la-Mediacion-Familiar.png 417w, https:\/\/divulgaciondinamica.info\/promos\/wp-content\/uploads\/2016\/04\/Informacion-Curso-Estrategias-para-la-Mediacion-Familiar-288x300.png 288w\" sizes=\"(max-width: 417px) 100vw, 417px\" \/>[\/vc_column_text][\/vc_column][\/vc_row][vc_row][vc_column width=\u00bb1\/4&#8243;][\/vc_column][vc_column width=\u00bb1\/4&#8243; css=\u00bb.vc_custom_1460116724057{margin-top: 10px !important;margin-right: 10px !important;margin-bottom: 10px !important;margin-left: 10px !important;background-color: #ededed !important;}\u00bb][vc_column_text css=\u00bb.vc_custom_1460368972913{margin-top: 20px !important;margin-right: 5px !important;margin-bottom: 20px !important;margin-left: 5px !important;}\u00bb]<\/p>\n<p style=\"text-align: center;\">Precio:<\/p>\n<h1 style=\"text-align: center;\"><strong><span style=\"color: #ff9900;\">40\u20ac<\/span><\/strong><\/h1>\n<p style=\"text-align: center;\">Para no colegiados<\/p>\n<p>[\/vc_column_text][vc_btn title=\u00bb<strong>INSCRIPCI\u00d3N<\/strong>\u00bb style=\u00bbflat\u00bb color=\u00bbwarning\u00bb align=\u00bbcenter\u00bb link=\u00bburl:http%3A%2F%2Fwww.divulgaciondinamica.es%2Fsecretaria%2Falumnos%2Fform%2F377%2F||target:%20_blank\u00bb][\/vc_column][vc_column width=\u00bb1\/4&#8243; css=\u00bb.vc_custom_1460368779580{margin-top: 10px !important;margin-right: 10px !important;margin-bottom: 10px !important;margin-left: 10px !important;background-color: #ededed !important;}\u00bb][vc_column_text css=\u00bb.vc_custom_1460372889530{margin-top: 20px !important;margin-right: 5px !important;margin-bottom: 20px !important;margin-left: 5px !important;}\u00bb]<\/p>\n<p style=\"text-align: center;\">Precio:<\/p>\n<h1 style=\"text-align: center;\"><strong><span style=\"color: #ff9900;\">30\u20ac<\/span><\/strong><\/h1>\n<p style=\"text-align: center;\">Para colegiados del Colegio Oficial de Trabajo Social de C\u00e1diz *<\/p>\n<p>[\/vc_column_text][vc_btn title=\u00bb<strong>INSCRIPCI\u00d3N<\/strong>\u00bb style=\u00bbflat\u00bb color=\u00bbwarning\u00bb align=\u00bbcenter\u00bb link=\u00bburl:http%3A%2F%2Fwww.divulgaciondinamica.es%2Fsecretaria%2Falumnos%2Fform%2F376%2F||target:%20_blank\u00bb][\/vc_column][vc_column width=\u00bb1\/4&#8243;][\/vc_column][\/vc_row][vc_row css=\u00bb.vc_custom_1460369471610{margin-top: 15px !important;}\u00bb][vc_column][vc_column_text]<\/p>\n<p style=\"text-align: center;\"><em>* Una vez realizada la inscripci\u00f3n se proceder\u00e1 a la consulta de N\u00ba de Colegiado para formalizar la misma.<\/em><\/p>\n<p>[\/vc_column_text][\/vc_column][\/vc_row][vc_row css=\u00bb.vc_custom_1427805189823{margin-top: 35px !important;margin-bottom: 35px !important;}\u00bb][vc_column width=\u00bb1\/2&#8243;][vc_column_text css=\u00bb.vc_custom_1460111359052{margin-bottom: 30px !important;}\u00bb]<\/p>\n<div id=\"stcpDiv\">\n<h3 style=\"text-align: left;\" align=\"justify\">Presentaci\u00f3n del Curso:<\/h3>\n<p>&nbsp;<\/p>\n<p>Las sociedades democr\u00e1ticas han conseguido en estos \u00faltimos a\u00f1os un conjunto de libertades que permiten a sus ciudadanos disfrutar de nuevos \u00e1mbitos de bienestar, pero que, a su vez, generan nuevos desajustes entre las personas que dan lugar a multitud de conflictos. Esta din\u00e1mica social produce que la mediaci\u00f3n de conflictos sea actualmente una de las \u00e1reas m\u00e1s demandas para la formaci\u00f3n de los agente sociales que act\u00faan en \u00e1mbitos tan distintos como la empresa, la familia, el barrio, la escuela,\u2026<\/p>\n<p>La formaci\u00f3n que presentamos ofrece conocimientos y herramientas que permitan identificar situaciones conflictivas , y plantear las estrategias y t\u00e1cticas adecuadas para su mediaci\u00f3n, utilizando las t\u00e9cnicas de negociaci\u00f3n y comunicaci\u00f3n necesarias en cada caso. Igualmente en este curso indagaremos sobre como se debe evaluar el proceso de mediaci\u00f3n como estrategia para optimizar los procesos y programas de mediaci\u00f3n.<br \/>\n<img loading=\"lazy\" class=\"alignleft size-full wp-image-53\" src=\"http:\/\/divulgaciondinamica.info\/promos\/wp-content\/uploads\/2015\/03\/diploma-digital1.png\" alt=\"diploma-digital\" width=\"479\" height=\"322\" srcset=\"https:\/\/divulgaciondinamica.info\/promos\/wp-content\/uploads\/2015\/03\/diploma-digital1.png 479w, https:\/\/divulgaciondinamica.info\/promos\/wp-content\/uploads\/2015\/03\/diploma-digital1-300x202.png 300w\" sizes=\"(max-width: 479px) 100vw, 479px\" \/><\/p>\n<p style=\"text-align: left;\" align=\"justify\">\n<\/div>\n<p>[\/vc_column_text][\/vc_column][vc_column width=\u00bb1\/2&#8243;][vc_column_text]<\/p>\n<div id=\"stcpDiv\">\n<h3 style=\"text-align: left;\" align=\"justify\">Temario del Curso:<\/h3>\n<p>&nbsp;<\/p>\n<div id=\"stcpDiv\">\n<p><strong>1. MEDIACI\u00d3N FAMILIAR: T\u00c9CNICAS Y HERRAMIENTAS<\/strong><\/p>\n<p>1.1. Estrategias y t\u00e1cticas de mediaci\u00f3n: modelos de Mediaci\u00f3n<br \/>\n1.2. Herramientas del\/de la mediador\/a<br \/>\n1.3. T\u00e9cnicas del\/de la mediador\/a<\/p>\n<p><strong>2. LA EVALUACI\u00d3N EN EL PROCESO DE MEDIACI\u00d3N FAMILIAR<br \/>\n<\/strong><\/p>\n<p>2.1. La evaluaci\u00f3n como estrategia para optimizar los procesos y programas de mediaci\u00f3n<br \/>\n2.2. Planificaci\u00f3n y desarrollo de la evaluaci\u00f3n<br \/>\n2.3. El informe de evaluaci\u00f3n<br \/>\n2.4. Evaluaci\u00f3n de la evaluaci\u00f3n. Mejora de los procesos evaluativos<\/p>\n<\/div>\n<\/div>\n<p>[\/vc_column_text][vc_column_text css=\u00bb.vc_custom_1460111617065{margin-top: 40px !important;}\u00bb]<\/p>\n<div id=\"stcpDiv\">\n<h3 style=\"text-align: left;\" align=\"justify\">Objetivos:<\/h3>\n<p>&nbsp;<\/p>\n<div id=\"stcpDiv\">\n<p>Dar a conocer t\u00e9cnicas y herramientas que facilitan el proceso de la mediaci\u00f3n.<\/p>\n<p>Aplicar en situaciones concretas del proceso de mediaci\u00f3n las t\u00e9cnicas b\u00e1sicas de comunicaci\u00f3n y habilidades sociales.<\/p>\n<p>Conocer t\u00e9cnicas concretas de negociaci\u00f3n que puedan ser utilizadas para mejorar la calidad de las intervenciones del mediador.<\/p>\n<p>Adquirir una visi\u00f3n inicial de los fines y funciones a los que la evaluaci\u00f3n puede servir en los procesos y programas de mediaci\u00f3n.<\/p>\n<p>Iniciar en la planificaci\u00f3n y desarrollo de procesos de evaluaci\u00f3n de la mediaci\u00f3n, diferenciando sus distintas fases, y seleccionando los procedimientos m\u00e1s adecuados para cada una de ellas.<\/p>\n<\/div>\n<\/div>\n<p>[\/vc_column_text][\/vc_column][\/vc_row]<\/p>\n","protected":false},"excerpt":{"rendered":"<p>[vc_row css=\u00bb.vc_custom_1427804811471{margin-top: 25px !important;margin-bottom: 25px !important;}\u00bb][vc_column width=\u00bb2\/3&#8243;][vc_single_image image=\u00bb2399&#8243; img_size=\u00bb661&#215;82&#8243;][\/vc_column][vc_column width=\u00bb1\/3&#8243;][vc_column_text] 954 28 60 37 soporte2@divulgaciondinamica.es [\/vc_column_text][\/vc_column][\/vc_row][vc_row][vc_column][vc_column_text][\/vc_column_text][\/vc_column][\/vc_row][vc_row][vc_column width=\u00bb1\/4&#8243;][\/vc_column][vc_column width=\u00bb1\/4&#8243; css=\u00bb.vc_custom_1460116724057{margin-top: 10px !important;margin-right: 10px !important;margin-bottom: 10px !important;margin-left: 10px !important;background-color: #ededed !important;}\u00bb][vc_column_text css=\u00bb.vc_custom_1460368972913{margin-top: 20px !important;margin-right: 5px !important;margin-bottom: 20px !important;margin-left: 5px !important;}\u00bb] Precio: 40\u20ac<\/p>\n","protected":false},"author":1,"featured_media":0,"parent":0,"menu_order":0,"comment_status":"closed","ping_status":"closed","template":"","meta":[],"yoast_head":"<!-- This site is optimized with the Yoast SEO plugin v15.7 - https:\/\/yoast.com\/wordpress\/plugins\/seo\/ -->\n<title>Curso de Estrategias para la Mediaci\u00f3n Familiar - Colegio Profesional de Trabajo Social de C\u00e1diz - Divulgaci\u00f3n Din\u00e1mica<\/title>\n<meta name=\"robots\" content=\"index, follow, max-snippet:-1, max-image-preview:large, max-video-preview:-1\" \/>\n<link rel=\"canonical\" href=\"https:\/\/divulgaciondinamica.info\/promos\/curso-de-estrategias-para-la-mediacion-familiar-colegio-profesional-de-trabajo-social-de-cadiz\/\" \/>\n<meta property=\"og:locale\" content=\"es_ES\" \/>\n<meta property=\"og:type\" content=\"article\" \/>\n<meta property=\"og:title\" content=\"Curso de Estrategias para la Mediaci\u00f3n Familiar - Colegio Profesional de Trabajo Social de C\u00e1diz - Divulgaci\u00f3n Din\u00e1mica\" \/>\n<meta property=\"og:description\" content=\"[vc_row css=\u00bb.vc_custom_1427804811471{margin-top: 25px !important;margin-bottom: 25px !important;}\u00bb][vc_column width=\u00bb2\/3&#8243;][vc_single_image image=\u00bb2399&#8243; img_size=\u00bb661&#215;82&#8243;][\/vc_column][vc_column width=\u00bb1\/3&#8243;][vc_column_text] 954 28 60 37 soporte2@divulgaciondinamica.es [\/vc_column_text][\/vc_column][\/vc_row][vc_row][vc_column][vc_column_text][\/vc_column_text][\/vc_column][\/vc_row][vc_row][vc_column width=\u00bb1\/4&#8243;][\/vc_column][vc_column width=\u00bb1\/4&#8243; css=\u00bb.vc_custom_1460116724057{margin-top: 10px !important;margin-right: 10px !important;margin-bottom: 10px !important;margin-left: 10px !important;background-color: #ededed !important;}\u00bb][vc_column_text css=\u00bb.vc_custom_1460368972913{margin-top: 20px !important;margin-right: 5px !important;margin-bottom: 20px !important;margin-left: 5px !important;}\u00bb] Precio: 40\u20ac\" \/>\n<meta property=\"og:url\" content=\"https:\/\/divulgaciondinamica.info\/promos\/curso-de-estrategias-para-la-mediacion-familiar-colegio-profesional-de-trabajo-social-de-cadiz\/\" \/>\n<meta property=\"og:site_name\" content=\"Divulgaci\u00f3n Din\u00e1mica\" \/>\n<meta property=\"article:publisher\" content=\"https:\/\/www.facebook.com\/divulgaciondinamicaformacion\/\" \/>\n<meta property=\"article:modified_time\" content=\"2016-04-12T11:11:57+00:00\" \/>\n<meta property=\"og:image\" content=\"http:\/\/divulgaciondinamica.info\/promos\/wp-content\/uploads\/2016\/04\/imagen-curso-estrategias-para-la-mediacion-familiar.jpg\" \/>\n<meta name=\"twitter:card\" content=\"summary_large_image\" \/>\n<meta name=\"twitter:site\" content=\"@divulgaciond\" \/>\n<meta name=\"twitter:label1\" content=\"Tiempo de lectura\">\n\t<meta name=\"twitter:data1\" content=\"3 minutos\">\n<script type=\"application\/ld+json\" class=\"yoast-schema-graph\">{\"@context\":\"https:\/\/schema.org\",\"@graph\":[{\"@type\":\"Organization\",\"@id\":\"https:\/\/divulgaciondinamica.info\/promos\/#organization\",\"name\":\"Divulgaci\\u00f3n Din\\u00e1mica S.L.\",\"url\":\"https:\/\/divulgaciondinamica.info\/promos\/\",\"sameAs\":[\"https:\/\/www.facebook.com\/divulgaciondinamicaformacion\/\",\"https:\/\/www.instagram.com\/divulgaciondinamica\",\"https:\/\/www.linkedin.com\/company-beta\/9490428\/\",\"https:\/\/www.youtube.com\/user\/ddinamica2010\",\"https:\/\/twitter.com\/divulgaciond\"],\"logo\":{\"@type\":\"ImageObject\",\"@id\":\"https:\/\/divulgaciondinamica.info\/promos\/#logo\",\"inLanguage\":\"es\",\"url\":\"https:\/\/divulgaciondinamica.info\/promos\/wp-content\/uploads\/2016\/02\/logo-divulgaciondinamica-ddf.png\",\"width\":400,\"height\":79,\"caption\":\"Divulgaci\\u00f3n Din\\u00e1mica S.L.\"},\"image\":{\"@id\":\"https:\/\/divulgaciondinamica.info\/promos\/#logo\"}},{\"@type\":\"WebSite\",\"@id\":\"https:\/\/divulgaciondinamica.info\/promos\/#website\",\"url\":\"https:\/\/divulgaciondinamica.info\/promos\/\",\"name\":\"Divulgaci\\u00f3n Din\\u00e1mica\",\"description\":\"Formaci\\u00f3n de calidad al alcance de todos\",\"publisher\":{\"@id\":\"https:\/\/divulgaciondinamica.info\/promos\/#organization\"},\"potentialAction\":[{\"@type\":\"SearchAction\",\"target\":\"https:\/\/divulgaciondinamica.info\/promos\/?s={search_term_string}\",\"query-input\":\"required name=search_term_string\"}],\"inLanguage\":\"es\"},{\"@type\":\"ImageObject\",\"@id\":\"https:\/\/divulgaciondinamica.info\/promos\/curso-de-estrategias-para-la-mediacion-familiar-colegio-profesional-de-trabajo-social-de-cadiz\/#primaryimage\",\"inLanguage\":\"es\",\"url\":\"http:\/\/divulgaciondinamica.info\/promos\/wp-content\/uploads\/2016\/04\/imagen-curso-estrategias-para-la-mediacion-familiar.jpg\"},{\"@type\":\"WebPage\",\"@id\":\"https:\/\/divulgaciondinamica.info\/promos\/curso-de-estrategias-para-la-mediacion-familiar-colegio-profesional-de-trabajo-social-de-cadiz\/#webpage\",\"url\":\"https:\/\/divulgaciondinamica.info\/promos\/curso-de-estrategias-para-la-mediacion-familiar-colegio-profesional-de-trabajo-social-de-cadiz\/\",\"name\":\"Curso de Estrategias para la Mediaci\\u00f3n Familiar - Colegio Profesional de Trabajo Social de C\\u00e1diz - Divulgaci\\u00f3n Din\\u00e1mica\",\"isPartOf\":{\"@id\":\"https:\/\/divulgaciondinamica.info\/promos\/#website\"},\"primaryImageOfPage\":{\"@id\":\"https:\/\/divulgaciondinamica.info\/promos\/curso-de-estrategias-para-la-mediacion-familiar-colegio-profesional-de-trabajo-social-de-cadiz\/#primaryimage\"},\"datePublished\":\"2016-04-08T09:57:44+00:00\",\"dateModified\":\"2016-04-12T11:11:57+00:00\",\"inLanguage\":\"es\",\"potentialAction\":[{\"@type\":\"ReadAction\",\"target\":[\"https:\/\/divulgaciondinamica.info\/promos\/curso-de-estrategias-para-la-mediacion-familiar-colegio-profesional-de-trabajo-social-de-cadiz\/\"]}]}]}<\/script>\n<!-- \/ Yoast SEO plugin. -->","_links":{"self":[{"href":"https:\/\/divulgaciondinamica.info\/promos\/wp-json\/wp\/v2\/pages\/2397"}],"collection":[{"href":"https:\/\/divulgaciondinamica.info\/promos\/wp-json\/wp\/v2\/pages"}],"about":[{"href":"https:\/\/divulgaciondinamica.info\/promos\/wp-json\/wp\/v2\/types\/page"}],"author":[{"embeddable":true,"href":"https:\/\/divulgaciondinamica.info\/promos\/wp-json\/wp\/v2\/users\/1"}],"replies":[{"embeddable":true,"href":"https:\/\/divulgaciondinamica.info\/promos\/wp-json\/wp\/v2\/comments?post=2397"}],"version-history":[{"count":5,"href":"https:\/\/divulgaciondinamica.info\/promos\/wp-json\/wp\/v2\/pages\/2397\/revisions"}],"predecessor-version":[{"id":2469,"href":"https:\/\/divulgaciondinamica.info\/promos\/wp-json\/wp\/v2\/pages\/2397\/revisions\/2469"}],"wp:attachment":[{"href":"https:\/\/divulgaciondinamica.info\/promos\/wp-json\/wp\/v2\/media?parent=2397"}],"curies":[{"name":"wp","href":"https:\/\/api.w.org\/{rel}","templated":true}]}}