{"id":2373,"date":"2016-04-06T10:34:49","date_gmt":"2016-04-06T10:34:49","guid":{"rendered":"http:\/\/divulgaciondinamica.info\/promos\/?page_id=2373"},"modified":"2016-04-06T12:32:56","modified_gmt":"2016-04-06T12:32:56","slug":"masterinsercionlaboralpersonasdiscapacidad","status":"publish","type":"page","link":"https:\/\/divulgaciondinamica.info\/promos\/masterinsercionlaboralpersonasdiscapacidad\/","title":{"rendered":"Master Inserci\u00f3n Laboral para Personas con Discapacidad"},"content":{"rendered":"<p>[vc_row css=\u00bb.vc_custom_1427804811471{margin-top: 25px !important;margin-bottom: 25px !important;}\u00bb][vc_column width=\u00bb2\/3&#8243;][vc_single_image image=\u00bb1573&#8243; img_size=\u00bb661&#215;82&#8243;][\/vc_column][vc_column width=\u00bb1\/3&#8243;][vc_column_text]<\/p>\n<h6 style=\"text-align: right;\">628 069 839<\/h6>\n<p style=\"text-align: right;\"><strong>soporte1@divulgaciondinamica.es<\/strong><\/p>\n<p>[\/vc_column_text][\/vc_column][\/vc_row][vc_row][vc_column][vc_column_text]<img loading=\"lazy\" class=\"alignleft wp-image-2380 size-full\" src=\"http:\/\/divulgaciondinamica.info\/promos\/wp-content\/uploads\/2016\/04\/ImageMasterDiscapacidad.jpg\" alt=\"\" width=\"643\" height=\"434\" srcset=\"https:\/\/divulgaciondinamica.info\/promos\/wp-content\/uploads\/2016\/04\/ImageMasterDiscapacidad.jpg 643w, https:\/\/divulgaciondinamica.info\/promos\/wp-content\/uploads\/2016\/04\/ImageMasterDiscapacidad-300x202.jpg 300w\" sizes=\"(max-width: 643px) 100vw, 643px\" \/><img loading=\"lazy\" class=\"alignleft wp-image-2387 size-full\" src=\"http:\/\/divulgaciondinamica.info\/promos\/wp-content\/uploads\/2016\/04\/InformacionMasterDiscapacidad_02.png\" alt=\"\" width=\"417\" height=\"434\" srcset=\"https:\/\/divulgaciondinamica.info\/promos\/wp-content\/uploads\/2016\/04\/InformacionMasterDiscapacidad_02.png 417w, https:\/\/divulgaciondinamica.info\/promos\/wp-content\/uploads\/2016\/04\/InformacionMasterDiscapacidad_02-288x300.png 288w\" sizes=\"(max-width: 417px) 100vw, 417px\" \/>[\/vc_column_text][\/vc_column][\/vc_row][vc_row css=\u00bb.vc_custom_1427804437681{margin-top: 35px !important;margin-bottom: 35px !important;}\u00bb][vc_column width=\u00bb1\/4&#8243;][vc_single_image image=\u00bb35&#8243; img_size=\u00bb250&#215;195&#8243; alignment=\u00bbcenter\u00bb][\/vc_column][vc_column width=\u00bb1\/4&#8243;][vc_single_image image=\u00bb36&#8243; img_size=\u00bb250&#215;195&#8243; alignment=\u00bbcenter\u00bb][\/vc_column][vc_column width=\u00bb1\/4&#8243;][vc_single_image image=\u00bb37&#8243; img_size=\u00bb250&#215;195&#8243; alignment=\u00bbcenter\u00bb][\/vc_column][vc_column width=\u00bb1\/4&#8243;][vc_single_image image=\u00bb2383&#8243; img_size=\u00bb250&#215;195&#8243; alignment=\u00bbcenter\u00bb][\/vc_column][\/vc_row][vc_row][vc_column][vc_column_text]<br \/>\n[\/vc_column_text][\/vc_column][\/vc_row][vc_row css=\u00bb.vc_custom_1427805189823{margin-top: 35px !important;margin-bottom: 35px !important;}\u00bb][vc_column width=\u00bb1\/2&#8243;][vc_column_text css=\u00bb.vc_custom_1442907718230{margin-bottom: 30px !important;}\u00bb]<\/p>\n<div id=\"stcpDiv\">\n<h3 style=\"text-align: left;\" align=\"justify\">Presentaci\u00f3n del M\u00e1ster:<\/h3>\n<p>&nbsp;<\/p>\n<p>La formaci\u00f3n que presentamos Master en Intervenci\u00f3n con Personas de Educaci\u00f3n especial, partiendo de una perspectiva interdisciplinar permite adquirir aquellos conocimientos, habilidades y actitudes necesarias\u00a0 para intervenir con personas con discapacidad y sus familias en los distintos entornos.<\/p>\n<p>Integrando las metodolog\u00edas que se aportan desde la atenci\u00f3n escolar a la diversidad, la educaci\u00f3n inclusiva y la inserci\u00f3n laboral\u00a0 para personas con discapacidad, esta formaci\u00f3n permite capacitar a los participantes para dise\u00f1ar, implementar y evaluar programas educativos y laborales que permitan la inclusi\u00f3n de esta poblaci\u00f3n, contribuyendo a desarrollar las potencialidades de cada persona, as\u00ed como una mejora continua de su bienestar en distintos momentos del ciclo vital y distintos \u00e1mbitos sociales.<\/p>\n<\/div>\n<div>\n<p><img loading=\"lazy\" class=\"alignleft size-full wp-image-53\" src=\"http:\/\/divulgaciondinamica.info\/promos\/wp-content\/uploads\/2015\/03\/diploma-digital1.png\" alt=\"diploma-digital\" width=\"479\" height=\"322\" srcset=\"https:\/\/divulgaciondinamica.info\/promos\/wp-content\/uploads\/2015\/03\/diploma-digital1.png 479w, https:\/\/divulgaciondinamica.info\/promos\/wp-content\/uploads\/2015\/03\/diploma-digital1-300x202.png 300w\" sizes=\"(max-width: 479px) 100vw, 479px\" \/><\/p>\n<p style=\"text-align: left;\" align=\"justify\">\n<\/div>\n<p>[\/vc_column_text][\/vc_column][vc_column width=\u00bb1\/2&#8243;][vc_column_text]<\/p>\n<div id=\"stcpDiv\">\n<h3 style=\"text-align: left;\" align=\"justify\">Temario del M\u00e1ster:<\/h3>\n<p>&nbsp;<\/p>\n<div id=\"stcpDiv\">\n<p><strong>1. DISCAPACIDAD E INTERVENCI\u00d3N EN EL \u00c1MBITO FAMILIAR<\/strong><\/p>\n<p>1.1 El papel de la familia<br \/>\n1.2 Detecci\u00f3n y tratamiento de la discapacidad<br \/>\n1.3 Situaciones m\u00e1s frecuentes de conflictos familiares<br \/>\n1.4 Atenci\u00f3n a las familias con miembros con discapacidad<br \/>\n1.5 El proceso de intervenci\u00f3n familiar<\/p>\n<p><strong>2. INTERVENCI\u00d3N EN EL \u00c1MBITO ESCOLAR: EDUCACI\u00d3N INCLUSIVA<\/strong><\/p>\n<p>2.1 Atenci\u00f3n escolar a la diversidad<br \/>\n2.2 Principios b\u00e1sicos de atenci\u00f3n a la diversidad desde el \u00e1mbito escolar<br \/>\n2.3 Necesidades educativas especiales. Necesidades espec\u00edficas de apoyo educativo<br \/>\n2.4 De la integraci\u00f3n escolar a la educaci\u00f3n Inclusiva<br \/>\n2.5 Factores socioeducativos de inadaptaci\u00f3n y exclusi\u00f3n social<br \/>\n2.6 Integraci\u00f3n de las minor\u00edas \u00e9tnicas: hacia una educaci\u00f3n intercultural<br \/>\n2.7 Intervenciones socioeducativas inclusivas: Actividades y programas en el \u00e1mbito escolar<br \/>\n2.8 La exclusi\u00f3n digital: responsabilidad desde el \u00e1mbito escolar<\/p>\n<p><strong>3. INTEGRACI\u00d3N A TRAV\u00c9S DE ACTIVIDADES DE OCIO<\/strong><\/p>\n<p>3.1 Principios b\u00e1sicos de atenci\u00f3n a la Diversidad desde el tiempo libre<br \/>\n3.2 Ocio y discapacidad motora. Implicaciones para t\u00e9cnicas y recursos l\u00fadicos<br \/>\n3.3 Juegos, expresi\u00f3n art\u00edstica y ocio en la discapacidad f\u00edsica<br \/>\n3.4 Los juegos motrices sensibilizadores: Diversidad e integraci\u00f3n social<br \/>\n3.5 Ocio y discapacidades sensoriales. La deficiencia visual. La discapacidad auditiva<br \/>\n3.6 Juegos adaptados para participantes con discapacidad sensorial y juegos sensibilizadores<br \/>\n3.7 Ocio y discapacidades intelectuales<br \/>\n3.8 Trastornos generales del Desarrollo: s\u00edndrome de asperger<br \/>\n3.9 Juegos adaptados para participantes con discapacidad intelectual y juegos sensibilizadores<\/p>\n<p><strong>4. DISCAPACIDAD: TRANSICCI\u00d3N DESDE LA ESCUELA A LA VIDA ADULTA<\/strong><\/p>\n<p>4.1 De la escuela a la vida adulta<br \/>\n4.2 Los procesos de tr\u00e1nsito en la actualidad<br \/>\n4.3 Pasos en la preparaci\u00f3n de un alumno con discapacidad para la transici\u00f3n<br \/>\n4.4 Programas de tr\u00e1nsito a la vida adulta de la persona con discapacidad<\/p>\n<p><strong>5. HABILIDADES SOCIALES PARA PERSONAS CON DISCAPACIDAD<\/strong><\/p>\n<p>5.1 Habilidades sociales b\u00e1sicas<br \/>\n5.2 Clasificaci\u00f3n de las habilidades sociales<br \/>\n5.3 La adquisici\u00f3n de habilidades sociales<br \/>\n5.4 El entrenamiento en habilidades sociales<br \/>\n5.5 Programa de entrenamiento en habilidades sociales<\/p>\n<p><strong>6. LA INSERCI\u00d3N LABORAL DE LAS PERSONAS CON DISCAPACIDAD<\/strong><\/p>\n<p>6.1 Inserci\u00f3n laboral e Inclusi\u00f3n social. El trabajo como mecanismo de inclusi\u00f3n social<br \/>\n6.2 Factores que inciden en la inserci\u00f3n laboral<br \/>\n6.3 Abordaje metodol\u00f3gico de la inserci\u00f3n laboral<br \/>\n6.4 El monitor de inserci\u00f3n laboral como eje del apoyo y la orientaci\u00f3n<br \/>\n6.5 Los l\u00edmites de la intervenci\u00f3n en inserci\u00f3n laboral<\/p>\n<p><strong>7. PROCESO DE INSERCI\u00d3N LABORAL PARA PERSONAS CON DISCAPACIDAD<\/strong><\/p>\n<p>7.1 Demanda y acogida inicial<br \/>\n7.2 Valoraci\u00f3n y perfil profesional<br \/>\n7.3 Programas de inserci\u00f3n laboral<br \/>\n7.4 Dispositivos t\u00e9cnicos para los procesos de inserci\u00f3n laboral: adaptaciones de los procesos gen\u00e9ricos<\/p>\n<p><strong>8. LA INTERMEDIACI\u00d3N LABORAL<\/strong><\/p>\n<p>8.1 La prospecci\u00f3n de empresas<br \/>\n8.2 Fases de la prospecci\u00f3n de empresas<br \/>\n8.3 El seguimiento a la empresa<\/p>\n<p><strong>9. EL MONITOR DE INSERCI\u00d3N LABORAL Y MANTENIMIENTO DEL PUESTO DE TRABAJO<\/strong><\/p>\n<p>9.1 El seguimiento dentro de la empresa<br \/>\n9.2 Acciones para la integraci\u00f3n laboral<\/p>\n<\/div>\n<\/div>\n<p>[\/vc_column_text][\/vc_column][\/vc_row][vc_row css=\u00bb.vc_custom_1427806970509{margin-top: 35px !important;margin-bottom: 35px !important;}\u00bb][vc_column][vc_column_text]<\/p>\n<p style=\"text-align: center;\"><a class=\"vc_btn vc_btn_orange vc_btn-orange vc_btn_lg vc_btn-lg vc_btn_rounded\" title=\"\" href=\"http:\/\/www.divulgaciondinamica.es\/secretaria\/alumnos\/form\/371\/\" target=\"_blank\">INSCRIPCI\u00d3N<\/a><\/p>\n<p>[\/vc_column_text][\/vc_column][\/vc_row]<\/p>\n","protected":false},"excerpt":{"rendered":"<p>[vc_row css=\u00bb.vc_custom_1427804811471{margin-top: 25px !important;margin-bottom: 25px !important;}\u00bb][vc_column width=\u00bb2\/3&#8243;][vc_single_image image=\u00bb1573&#8243; img_size=\u00bb661&#215;82&#8243;][\/vc_column][vc_column width=\u00bb1\/3&#8243;][vc_column_text] 628 069 839 soporte1@divulgaciondinamica.es [\/vc_column_text][\/vc_column][\/vc_row][vc_row][vc_column][vc_column_text][\/vc_column_text][\/vc_column][\/vc_row][vc_row css=\u00bb.vc_custom_1427804437681{margin-top: 35px !important;margin-bottom: 35px !important;}\u00bb][vc_column width=\u00bb1\/4&#8243;][vc_single_image image=\u00bb35&#8243; img_size=\u00bb250&#215;195&#8243; alignment=\u00bbcenter\u00bb][\/vc_column][vc_column width=\u00bb1\/4&#8243;][vc_single_image image=\u00bb36&#8243; img_size=\u00bb250&#215;195&#8243; alignment=\u00bbcenter\u00bb][\/vc_column][vc_column width=\u00bb1\/4&#8243;][vc_single_image image=\u00bb37&#8243; img_size=\u00bb250&#215;195&#8243; alignment=\u00bbcenter\u00bb][\/vc_column][vc_column width=\u00bb1\/4&#8243;][vc_single_image image=\u00bb2383&#8243; img_size=\u00bb250&#215;195&#8243; alignment=\u00bbcenter\u00bb][\/vc_column][\/vc_row][vc_row][vc_column][vc_column_text] [\/vc_column_text][\/vc_column][\/vc_row][vc_row css=\u00bb.vc_custom_1427805189823{margin-top: 35px !important;margin-bottom:<\/p>\n","protected":false},"author":1,"featured_media":0,"parent":0,"menu_order":0,"comment_status":"closed","ping_status":"closed","template":"","meta":[],"yoast_head":"<!-- This site is optimized with the Yoast SEO plugin v15.7 - https:\/\/yoast.com\/wordpress\/plugins\/seo\/ -->\n<title>Master Inserci\u00f3n Laboral para Personas con Discapacidad - Divulgaci\u00f3n Din\u00e1mica<\/title>\n<meta name=\"robots\" content=\"index, follow, max-snippet:-1, max-image-preview:large, max-video-preview:-1\" \/>\n<link rel=\"canonical\" href=\"https:\/\/divulgaciondinamica.info\/promos\/masterinsercionlaboralpersonasdiscapacidad\/\" \/>\n<meta property=\"og:locale\" content=\"es_ES\" \/>\n<meta property=\"og:type\" content=\"article\" \/>\n<meta property=\"og:title\" content=\"Master Inserci\u00f3n Laboral para Personas con Discapacidad - Divulgaci\u00f3n Din\u00e1mica\" \/>\n<meta property=\"og:description\" content=\"[vc_row css=\u00bb.vc_custom_1427804811471{margin-top: 25px !important;margin-bottom: 25px !important;}\u00bb][vc_column width=\u00bb2\/3&#8243;][vc_single_image image=\u00bb1573&#8243; img_size=\u00bb661&#215;82&#8243;][\/vc_column][vc_column width=\u00bb1\/3&#8243;][vc_column_text] 628 069 839 soporte1@divulgaciondinamica.es [\/vc_column_text][\/vc_column][\/vc_row][vc_row][vc_column][vc_column_text][\/vc_column_text][\/vc_column][\/vc_row][vc_row css=\u00bb.vc_custom_1427804437681{margin-top: 35px !important;margin-bottom: 35px !important;}\u00bb][vc_column width=\u00bb1\/4&#8243;][vc_single_image image=\u00bb35&#8243; img_size=\u00bb250&#215;195&#8243; alignment=\u00bbcenter\u00bb][\/vc_column][vc_column width=\u00bb1\/4&#8243;][vc_single_image image=\u00bb36&#8243; img_size=\u00bb250&#215;195&#8243; alignment=\u00bbcenter\u00bb][\/vc_column][vc_column width=\u00bb1\/4&#8243;][vc_single_image image=\u00bb37&#8243; img_size=\u00bb250&#215;195&#8243; alignment=\u00bbcenter\u00bb][\/vc_column][vc_column width=\u00bb1\/4&#8243;][vc_single_image image=\u00bb2383&#8243; img_size=\u00bb250&#215;195&#8243; alignment=\u00bbcenter\u00bb][\/vc_column][\/vc_row][vc_row][vc_column][vc_column_text] [\/vc_column_text][\/vc_column][\/vc_row][vc_row css=\u00bb.vc_custom_1427805189823{margin-top: 35px !important;margin-bottom:\" \/>\n<meta property=\"og:url\" content=\"https:\/\/divulgaciondinamica.info\/promos\/masterinsercionlaboralpersonasdiscapacidad\/\" \/>\n<meta property=\"og:site_name\" content=\"Divulgaci\u00f3n Din\u00e1mica\" \/>\n<meta property=\"article:publisher\" content=\"https:\/\/www.facebook.com\/divulgaciondinamicaformacion\/\" \/>\n<meta property=\"article:modified_time\" content=\"2016-04-06T12:32:56+00:00\" \/>\n<meta property=\"og:image\" content=\"http:\/\/divulgaciondinamica.info\/promos\/wp-content\/uploads\/2016\/04\/ImageMasterDiscapacidad.jpg\" \/>\n<meta name=\"twitter:card\" content=\"summary_large_image\" \/>\n<meta name=\"twitter:site\" content=\"@divulgaciond\" \/>\n<meta name=\"twitter:label1\" content=\"Tiempo de lectura\">\n\t<meta name=\"twitter:data1\" content=\"4 minutos\">\n<script type=\"application\/ld+json\" class=\"yoast-schema-graph\">{\"@context\":\"https:\/\/schema.org\",\"@graph\":[{\"@type\":\"Organization\",\"@id\":\"https:\/\/divulgaciondinamica.info\/promos\/#organization\",\"name\":\"Divulgaci\\u00f3n Din\\u00e1mica S.L.\",\"url\":\"https:\/\/divulgaciondinamica.info\/promos\/\",\"sameAs\":[\"https:\/\/www.facebook.com\/divulgaciondinamicaformacion\/\",\"https:\/\/www.instagram.com\/divulgaciondinamica\",\"https:\/\/www.linkedin.com\/company-beta\/9490428\/\",\"https:\/\/www.youtube.com\/user\/ddinamica2010\",\"https:\/\/twitter.com\/divulgaciond\"],\"logo\":{\"@type\":\"ImageObject\",\"@id\":\"https:\/\/divulgaciondinamica.info\/promos\/#logo\",\"inLanguage\":\"es\",\"url\":\"https:\/\/divulgaciondinamica.info\/promos\/wp-content\/uploads\/2016\/02\/logo-divulgaciondinamica-ddf.png\",\"width\":400,\"height\":79,\"caption\":\"Divulgaci\\u00f3n Din\\u00e1mica S.L.\"},\"image\":{\"@id\":\"https:\/\/divulgaciondinamica.info\/promos\/#logo\"}},{\"@type\":\"WebSite\",\"@id\":\"https:\/\/divulgaciondinamica.info\/promos\/#website\",\"url\":\"https:\/\/divulgaciondinamica.info\/promos\/\",\"name\":\"Divulgaci\\u00f3n Din\\u00e1mica\",\"description\":\"Formaci\\u00f3n de calidad al alcance de todos\",\"publisher\":{\"@id\":\"https:\/\/divulgaciondinamica.info\/promos\/#organization\"},\"potentialAction\":[{\"@type\":\"SearchAction\",\"target\":\"https:\/\/divulgaciondinamica.info\/promos\/?s={search_term_string}\",\"query-input\":\"required name=search_term_string\"}],\"inLanguage\":\"es\"},{\"@type\":\"ImageObject\",\"@id\":\"https:\/\/divulgaciondinamica.info\/promos\/masterinsercionlaboralpersonasdiscapacidad\/#primaryimage\",\"inLanguage\":\"es\",\"url\":\"http:\/\/divulgaciondinamica.info\/promos\/wp-content\/uploads\/2016\/04\/ImageMasterDiscapacidad.jpg\"},{\"@type\":\"WebPage\",\"@id\":\"https:\/\/divulgaciondinamica.info\/promos\/masterinsercionlaboralpersonasdiscapacidad\/#webpage\",\"url\":\"https:\/\/divulgaciondinamica.info\/promos\/masterinsercionlaboralpersonasdiscapacidad\/\",\"name\":\"Master Inserci\\u00f3n Laboral para Personas con Discapacidad - Divulgaci\\u00f3n Din\\u00e1mica\",\"isPartOf\":{\"@id\":\"https:\/\/divulgaciondinamica.info\/promos\/#website\"},\"primaryImageOfPage\":{\"@id\":\"https:\/\/divulgaciondinamica.info\/promos\/masterinsercionlaboralpersonasdiscapacidad\/#primaryimage\"},\"datePublished\":\"2016-04-06T10:34:49+00:00\",\"dateModified\":\"2016-04-06T12:32:56+00:00\",\"inLanguage\":\"es\",\"potentialAction\":[{\"@type\":\"ReadAction\",\"target\":[\"https:\/\/divulgaciondinamica.info\/promos\/masterinsercionlaboralpersonasdiscapacidad\/\"]}]}]}<\/script>\n<!-- \/ Yoast SEO plugin. -->","_links":{"self":[{"href":"https:\/\/divulgaciondinamica.info\/promos\/wp-json\/wp\/v2\/pages\/2373"}],"collection":[{"href":"https:\/\/divulgaciondinamica.info\/promos\/wp-json\/wp\/v2\/pages"}],"about":[{"href":"https:\/\/divulgaciondinamica.info\/promos\/wp-json\/wp\/v2\/types\/page"}],"author":[{"embeddable":true,"href":"https:\/\/divulgaciondinamica.info\/promos\/wp-json\/wp\/v2\/users\/1"}],"replies":[{"embeddable":true,"href":"https:\/\/divulgaciondinamica.info\/promos\/wp-json\/wp\/v2\/comments?post=2373"}],"version-history":[{"count":5,"href":"https:\/\/divulgaciondinamica.info\/promos\/wp-json\/wp\/v2\/pages\/2373\/revisions"}],"predecessor-version":[{"id":2389,"href":"https:\/\/divulgaciondinamica.info\/promos\/wp-json\/wp\/v2\/pages\/2373\/revisions\/2389"}],"wp:attachment":[{"href":"https:\/\/divulgaciondinamica.info\/promos\/wp-json\/wp\/v2\/media?parent=2373"}],"curies":[{"name":"wp","href":"https:\/\/api.w.org\/{rel}","templated":true}]}}