{"id":17753,"date":"2019-03-22T10:54:27","date_gmt":"2019-03-22T10:54:27","guid":{"rendered":"https:\/\/divulgaciondinamica.info\/promos\/?page_id=17753"},"modified":"2019-03-25T10:30:19","modified_gmt":"2019-03-25T10:30:19","slug":"curso-de-montessori-minimal","status":"publish","type":"page","link":"https:\/\/divulgaciondinamica.info\/promos\/curso-de-montessori-minimal\/","title":{"rendered":"Curso de Montessori minimal"},"content":{"rendered":"<p>[vc_row css=\u00bb.vc_custom_1553010160092{margin-top: -20px !important;margin-bottom: -30px !important;}\u00bb][vc_column][vc_single_image image=\u00bb17554&#8243; img_size=\u00bbfull\u00bb alignment=\u00bbcenter\u00bb][\/vc_column][\/vc_row][vc_row full_width=\u00bbstretch_row\u00bb content_placement=\u00bbmiddle\u00bb bg_type=\u00bbbg_color\u00bb css=\u00bb.vc_custom_1553157796022{margin-top: 0px !important;padding-top: 0px !important;padding-bottom: 10px !important;background-image: url(https:\/\/divulgaciondinamica.info\/promos\/wp-content\/uploads\/2019\/03\/bg-montessori.jpg?id=17014) !important;background-position: center !important;background-repeat: no-repeat !important;background-size: cover !important;}\u00bb bg_color_value=\u00bbrgba(255,198,51,0.8)\u00bb][vc_column][vc_single_image image=\u00bb17551&#8243; img_size=\u00bbfull\u00bb alignment=\u00bbcenter\u00bb css=\u00bb.vc_custom_1553157755081{margin-bottom: 5px !important;}\u00bb][vc_custom_heading text=\u00bbEl M\u00e9todo Montessori (de 0 a 6 a\u00f1os)\u00bb font_container=\u00bbtag:p|font_size:36|text_align:center|color:%23ffffff|line_height:1.1&#8243; google_fonts=\u00bbfont_family:Montserrat%3Aregular%2C700|font_style:700%20bold%20regular%3A700%3Anormal\u00bb css=\u00bb.vc_custom_1553251906622{margin-top: 25px !important;margin-bottom: 25px !important;padding-right: 2% !important;padding-left: 2% !important;}\u00bb][vc_single_image image=\u00bb17558&#8243; img_size=\u00bbfull\u00bb alignment=\u00bbcenter\u00bb css=\u00bb.vc_custom_1553158291469{margin-top: 25px !important;margin-bottom: 25px !important;}\u00bb][vc_row_inner content_placement=\u00bbmiddle\u00bb css=\u00bb.vc_custom_1553010399577{margin-top: 0px !important;margin-bottom: -50px !important;}\u00bb][vc_column_inner][vc_custom_heading text=\u00bbSolicitud de Inscripci\u00f3n:\u00bb font_container=\u00bbtag:p|font_size:22|text_align:center|color:%23ffffff|line_height:1.1&#8243; google_fonts=\u00bbfont_family:Montserrat%3Aregular%2C700|font_style:400%20regular%3A400%3Anormal\u00bb css=\u00bb.vc_custom_1553161024224{margin-bottom: -35px !important;}\u00bb][vc_column_text]<\/p>\n\t\t\t<link rel=\"stylesheet\" property=\"stylesheet\" href=\"https:\/\/divulgaciondinamica.info\/promos\/wp-content\/plugins\/happyforms\/\/core\/assets\/css\/color.css?ver=1.9.29\" \/>\n\t\t\t\t\t\t<link rel=\"stylesheet\" property=\"stylesheet\" href=\"https:\/\/divulgaciondinamica.info\/promos\/wp-content\/plugins\/happyforms\/\/core\/assets\/css\/layout.css?ver=1.9.29\" \/>\n\t\t\t\t<!-- HappyForms CSS variables -->\n\t<style>\n\t#happyforms-17544 {\n\t\t--happyforms-form-width: 90%;\n--happyforms-form-title-font-size: 32px;\n--happyforms-part-title-font-size: 16px;\n--happyforms-part-description-font-size: 14px;\n--happyforms-part-value-font-size: 18px;\n--happyforms-submit-button-font-size: 23px;\n--happyforms-color-primary: #000000;\n--happyforms-color-success-notice: #ebf9f0;\n--happyforms-color-success-notice-text: #1eb452;\n--happyforms-color-error: #ff7550;\n--happyforms-color-error-notice: #ffeeea;\n--happyforms-color-error-notice-text: #f23000;\n--happyforms-color-part-title: #000000;\n--happyforms-color-part-value: #000000;\n--happyforms-color-part-placeholder: #b2b2b2;\n--happyforms-color-part-description: #454545;\n--happyforms-color-part-border: #dbdbdb;\n--happyforms-color-part-border-focus: #407fff;\n--happyforms-color-part-background: #ffffff;\n--happyforms-color-part-background-focus: #ffffff;\n--happyforms-color-submit-background: #407fff;\n--happyforms-color-submit-background-hover: #3567cc;\n--happyforms-color-submit-border: transparent;\n--happyforms-color-submit-text: #ffffff;\n--happyforms-color-submit-text-hover: #ffffff;\n--happyforms-color-rating: #cccccc;\n--happyforms-color-rating-hover: #f39c00;\n--happyforms-color-table-row-odd: #fcfcfc;\n--happyforms-color-table-row-even: #efefef;\n--happyforms-color-table-row-odd-text: #000000;\n--happyforms-color-table-row-even-text: #000000;\n--happyforms-color-divider-hr: #cccccc;\n--happyforms-color-choice-checkmark-bg: #ffffff;\n--happyforms-color-choice-checkmark-bg-focus: #000000;\n--happyforms-color-choice-checkmark-color: #ffffff;\n--happyforms-color-dropdown-item-bg: #ffffff;\n--happyforms-color-dropdown-item-text: #000000;\n--happyforms-color-dropdown-item-bg-hover: #dbdbdb;\n--happyforms-color-dropdown-item-text-hover: #000000;\n\t}\n\t<\/style>\n\t<!-- End of HappyForms CSS variables -->\n\t\t<!-- HappyForms Additional CSS -->\n\t<style data-happyforms-additional-css>\n\t\t<\/style>\n\t<!-- End of HappyForms Additional CSS -->\n\t<div class=\"happyforms-form happyforms-styles happyforms-form--padding-wide 0 happyforms-form--title-text-align-center happyforms-form--part-border-radius-pill happyforms-form--part-outer-padding-narrow happyforms-form--part-inner-padding-narrow happyforms-form--part-title-text-align-center happyforms-form--part-description-text-align-center happyforms-form--submit-button-border-hide happyforms-form--submit-button-border-radius-pill happyforms-form--submit-button-fullwidth happyforms-form--submit-button-normal happyforms-form--submit-button-align-center happyforms-form--notices-below\" id=\"happyforms-17544\">\n\t\n\t<form action=\"\" id=\"happyforms-form-17544\" method=\"post\" novalidate=\"true\">\n\t\t\n\t\t\t<input type=\"hidden\" name=\"action\" value=\"happyforms_message\">\n\t\t\t\t<input type=\"hidden\" name=\"happyforms_form_id\" value=\"17544\" \/>\n\t\t\t<input type=\"hidden\" id=\"happyforms_message_nonce\" name=\"happyforms_message_nonce\" value=\"68b1a88819\" \/><input type=\"hidden\" name=\"_wp_http_referer\" value=\"\/promos\/wp-json\/wp\/v2\/pages\/17753\" \/>\t\t\t<input type=\"hidden\" name=\"happyforms_step\" value=\"0\" \/>\n\t\n\t\t<div class=\"happyforms-flex\">\n\t\t\t\t\t\t\t<label>\n\t\t<input type=\"checkbox\" name=\"17544single_line_text_-1\" value=\"1\" style=\"display: none;\" tabindex=\"-1\" autocomplete=\"off\"> <span class=\"screen-reader-text\">Protecci\u00f3n contra spam, saltar este campo<\/span>\n\t<\/label>\n\t\t\t\t\t\t\t\t\t\t<div class=\"happyforms-form__part happyforms-part happyforms-part--single_line_text happyforms-part--width-full happyforms-part--label-hidden\" id=\"happyforms-17544_single_line_text_0-part\" data-happyforms-type=\"single_line_text\" data-happyforms-id=\"single_line_text_0\" data-happyforms-required=\"\">\n\t<div class=\"happyforms-part-wrap\">\n\t\t\n\t\t\t\t\t\t<div class=\"happyforms-part__label-container\">\n\t\t\t<\/div>\n\t\t\t\n\t\t<div class=\"happyforms-part__el\">\n\t\t\t\n\t\t\t\n\t\t\t<div class=\"happyforms-input\">\n\t\t\t\t\n\t\t\t\t<input id=\"happyforms-17544_single_line_text_0\" type=\"text\" name=\"17544_single_line_text_0\" value=\"\" placeholder=\"Nombre *\"  \/>\n\t\t\t\t\t\t\t<\/div>\n\n\t\t\t\n\t\t\t\n\t\t\t\t\t\t\t\t\t\t\n\t\t\t\t\t<\/div>\n\t<\/div>\n<\/div>\n<div class=\"happyforms-form__part happyforms-part happyforms-part--single_line_text happyforms-part--width-full happyforms-part--label-hidden\" id=\"happyforms-17544_single_line_text_3-part\" data-happyforms-type=\"single_line_text\" data-happyforms-id=\"single_line_text_3\" data-happyforms-required=\"\">\n\t<div class=\"happyforms-part-wrap\">\n\t\t\n\t\t\t\t\t\t<div class=\"happyforms-part__label-container\">\n\t\t\t<\/div>\n\t\t\t\n\t\t<div class=\"happyforms-part__el\">\n\t\t\t\n\t\t\t\n\t\t\t<div class=\"happyforms-input\">\n\t\t\t\t\n\t\t\t\t<input id=\"happyforms-17544_single_line_text_3\" type=\"text\" name=\"17544_single_line_text_3\" value=\"\" placeholder=\"Email *\"  \/>\n\t\t\t\t\t\t\t<\/div>\n\n\t\t\t\n\t\t\t\n\t\t\t\t\t\t\t\t\t\t\n\t\t\t\t\t<\/div>\n\t<\/div>\n<\/div>\n\t\t\t\t\t\t<div class=\"happyforms-form__part happyforms-part happyforms-part--submit\">\n\t\t<input type=\"submit\" class=\"happyforms-submit happyforms-button--submit \" value=\"Enviar\">\n\t<\/div>\t\t<\/div>\n\n\t\t\t<\/form>\n\n\t<\/div>\n<p>[\/vc_column_text][\/vc_column_inner][\/vc_row_inner][\/vc_column][\/vc_row][vc_row][vc_column][vc_column_text]<span style=\"color: #000000;\"><strong>1. EL M\u00c9TODO MONTESSORI<\/strong><\/span><\/p>\n<p><span style=\"color: #000000;\">1.1 Concepto de m\u00e9todo educativo<\/span><br \/>\n<span style=\"color: #000000;\">1.1.1 M\u00e9todos alternativos-M\u00e9todos tradicionalistas<\/span><br \/>\n<span style=\"color: #000000;\">1.1.1.1 M\u00e9todo Waldford<\/span><br \/>\n<span style=\"color: #000000;\">1.1.1.2 M\u00e9todo Reggio Emilia<\/span><br \/>\n<span style=\"color: #000000;\">1.1.1.3 Pedagog\u00eda Pikler- L\u00f3czy<\/span><br \/>\n<span style=\"color: #000000;\">1.1.1.4 El m\u00e9todo Aucouturier<\/span><br \/>\n<span style=\"color: #000000;\">1.1.1.5 Otros m\u00e9todos alternativos<\/span><br \/>\n<span style=\"color: #000000;\">1.2 El m\u00e9todo Montessori<\/span><br \/>\n<span style=\"color: #000000;\">1.2.1 Biograf\u00eda de Mar\u00eda Montessori<\/span><br \/>\n<span style=\"color: #000000;\">1.2.2 Antecedentes e Influencias del m\u00e9todo educativo Montessori<\/span><br \/>\n<span style=\"color: #000000;\">1.2.3 Principios del M\u00e9todo Montessori o de la Pedagog\u00eda Cient\u00edfica<\/span><br \/>\n<span style=\"color: #000000;\">1.2.3.1 Principios pedag\u00f3gicos<\/span><br \/>\n<span style=\"color: #000000;\">1.2.3.2 Principios metodol\u00f3gicos<\/span><\/p>\n<p><span style=\"color: #000000;\"><strong>2. APLICACI\u00d3N DEL M\u00c9TODO MONTESSORI: DE 0 A 3 A\u00d1OS<\/strong><\/span><\/p>\n<p><span style=\"color: #000000;\">2.1 El m\u00e9todo montessori<\/span><br \/>\n<span style=\"color: #000000;\">2.2 Aplicando el m\u00e9todo Montessori<\/span><br \/>\n<span style=\"color: #000000;\">2.2.1 Los planos del desarrollo infantil seg\u00fan Montessori<\/span><br \/>\n<span style=\"color: #000000;\">2.2.2 Implicaciones metodol\u00f3gicas desde el concepto de mente absorbente y periodos sensibles<\/span><br \/>\n<span style=\"color: #000000;\">2.3 El periodo cr\u00edtico de los tres primeros a\u00f1os: mente absorbente inconsciente<\/span><br \/>\n<span style=\"color: #000000;\">2.3.1 Necesidades y sugerencias de actividades y materiales para los bebes de 0 a 36 meses<\/span><br \/>\n<span style=\"color: #000000;\">2.3.1.1 De 0 a 6 meses<\/span><br \/>\n<span style=\"color: #000000;\">2.3.1.2 De 6 a 12 meses<\/span><br \/>\n<span style=\"color: #000000;\">2.3.1.3 De 12 a 24 meses<\/span><br \/>\n<span style=\"color: #000000;\">2.3.1.4 De 24 a 36 meses<\/span><\/p>\n<p><span style=\"color: #000000;\"><strong>3. APLICACI\u00d3N DEL M\u00c9TODO MONTESSORI: DE 3 A 6 A\u00d1OS<\/strong><\/span><\/p>\n<p><span style=\"color: #000000;\">3.1 El periodo de desarrollo de 3 a 6 a\u00f1os<\/span><br \/>\n<span style=\"color: #000000;\">3.1.1 Desarrollo psicomotor<\/span><br \/>\n<span style=\"color: #000000;\">3.1.2 Desarrollo cognitivo<\/span><br \/>\n<span style=\"color: #000000;\">3.1.3 Desarrollo del lenguaje y la comunicaci\u00f3n<\/span><br \/>\n<span style=\"color: #000000;\">3.1.4 Desarrollo social y emocional<\/span><br \/>\n<span style=\"color: #000000;\">3.2 Etapa casa de ni\u00f1os (3 a 6 a\u00f1os)<\/span><br \/>\n<span style=\"color: #000000;\">3.2.1 \u00c1rea de vida pr\u00e1ctica<\/span><br \/>\n<span style=\"color: #000000;\">3.2.2 \u00c1rea sensorial<\/span><br \/>\n<span style=\"color: #000000;\">3.2.3 \u00c1rea de lectoescritura<\/span><br \/>\n<span style=\"color: #000000;\">3.2.4 \u00c1rea de matem\u00e1ticas<\/span><br \/>\n<span style=\"color: #000000;\">3.2.5 \u00c1rea de cultura<\/span>[\/vc_column_text][\/vc_column][\/vc_row][vc_row][vc_column][vc_single_image image=\u00bb17562&#8243; img_size=\u00bbfull\u00bb alignment=\u00bbcenter\u00bb css=\u00bb.vc_custom_1553158550443{margin-top: -35px !important;margin-bottom: -10px !important;padding-top: -25px !important;padding-bottom: -25px !important;}\u00bb][\/vc_column][\/vc_row][vc_row full_width=\u00bbstretch_row_content_no_spaces\u00bb css=\u00bb.vc_custom_1553011243524{margin-bottom: -40px !important;padding-top: -55px !important;padding-bottom: 35px !important;background-color: #515151 !important;}\u00bb][vc_column][vc_column_text css=\u00bb.vc_custom_1553157929613{margin-top: -25px !important;padding-top: -15px !important;padding-bottom: -15px !important;}\u00bb]<\/p>\n<p style=\"text-align: center;\"><span style=\"color: #ffffff; font-size: 12px; font-family: arial, helvetica, sans-serif;\">\u00a9 2019 Divulgaci\u00f3n Din\u00e1mica, S.L. | The Education Club<br \/>\n<a style=\"color: #ffffff;\" href=\"https:\/\/www.divulgaciondinamica.es\/aviso-legal\/\">Aviso Legal y Pol\u00edtica de Privacidad<\/a><\/span><\/p>\n<p>[\/vc_column_text][\/vc_column][\/vc_row]<\/p>\n","protected":false},"excerpt":{"rendered":"<p>[vc_row css=\u00bb.vc_custom_1553010160092{margin-top: -20px !important;margin-bottom: -30px !important;}\u00bb][vc_column][vc_single_image image=\u00bb17554&#8243; img_size=\u00bbfull\u00bb alignment=\u00bbcenter\u00bb][\/vc_column][\/vc_row][vc_row full_width=\u00bbstretch_row\u00bb content_placement=\u00bbmiddle\u00bb bg_type=\u00bbbg_color\u00bb css=\u00bb.vc_custom_1553157796022{margin-top: 0px !important;padding-top: 0px !important;padding-bottom: 10px !important;background-image: url(https:\/\/divulgaciondinamica.info\/promos\/wp-content\/uploads\/2019\/03\/bg-montessori.jpg?id=17014) !important;background-position: center !important;background-repeat: no-repeat !important;background-size: cover !important;}\u00bb bg_color_value=\u00bbrgba(255,198,51,0.8)\u00bb][vc_column][vc_single_image image=\u00bb17551&#8243; img_size=\u00bbfull\u00bb alignment=\u00bbcenter\u00bb css=\u00bb.vc_custom_1553157755081{margin-bottom: 5px !important;}\u00bb][vc_custom_heading text=\u00bbEl M\u00e9todo Montessori (de 0 a<\/p>\n","protected":false},"author":1,"featured_media":0,"parent":0,"menu_order":0,"comment_status":"closed","ping_status":"closed","template":"","meta":[],"yoast_head":"<!-- This site is optimized with the Yoast SEO plugin v15.7 - https:\/\/yoast.com\/wordpress\/plugins\/seo\/ -->\n<title>Curso de Montessori minimal - Divulgaci\u00f3n Din\u00e1mica<\/title>\n<meta name=\"robots\" content=\"index, follow, max-snippet:-1, max-image-preview:large, max-video-preview:-1\" \/>\n<link rel=\"canonical\" href=\"https:\/\/divulgaciondinamica.info\/promos\/curso-de-montessori-minimal\/\" \/>\n<meta property=\"og:locale\" content=\"es_ES\" \/>\n<meta property=\"og:type\" content=\"article\" \/>\n<meta property=\"og:title\" content=\"Curso de Montessori minimal - Divulgaci\u00f3n Din\u00e1mica\" \/>\n<meta property=\"og:description\" content=\"[vc_row css=\u00bb.vc_custom_1553010160092{margin-top: -20px !important;margin-bottom: -30px !important;}\u00bb][vc_column][vc_single_image image=\u00bb17554&#8243; img_size=\u00bbfull\u00bb alignment=\u00bbcenter\u00bb][\/vc_column][\/vc_row][vc_row full_width=\u00bbstretch_row\u00bb content_placement=\u00bbmiddle\u00bb bg_type=\u00bbbg_color\u00bb css=\u00bb.vc_custom_1553157796022{margin-top: 0px !important;padding-top: 0px !important;padding-bottom: 10px !important;background-image: url(https:\/\/divulgaciondinamica.info\/promos\/wp-content\/uploads\/2019\/03\/bg-montessori.jpg?id=17014) !important;background-position: center !important;background-repeat: no-repeat !important;background-size: cover !important;}\u00bb bg_color_value=\u00bbrgba(255,198,51,0.8)\u00bb][vc_column][vc_single_image image=\u00bb17551&#8243; img_size=\u00bbfull\u00bb alignment=\u00bbcenter\u00bb css=\u00bb.vc_custom_1553157755081{margin-bottom: 5px !important;}\u00bb][vc_custom_heading text=\u00bbEl M\u00e9todo Montessori (de 0 a\" \/>\n<meta property=\"og:url\" content=\"https:\/\/divulgaciondinamica.info\/promos\/curso-de-montessori-minimal\/\" \/>\n<meta property=\"og:site_name\" content=\"Divulgaci\u00f3n Din\u00e1mica\" \/>\n<meta property=\"article:publisher\" content=\"https:\/\/www.facebook.com\/divulgaciondinamicaformacion\/\" \/>\n<meta property=\"article:modified_time\" content=\"2019-03-25T10:30:19+00:00\" \/>\n<meta name=\"twitter:card\" content=\"summary_large_image\" \/>\n<meta name=\"twitter:site\" content=\"@divulgaciond\" \/>\n<meta name=\"twitter:label1\" content=\"Tiempo de lectura\">\n\t<meta name=\"twitter:data1\" content=\"3 minutos\">\n<script type=\"application\/ld+json\" class=\"yoast-schema-graph\">{\"@context\":\"https:\/\/schema.org\",\"@graph\":[{\"@type\":\"Organization\",\"@id\":\"https:\/\/divulgaciondinamica.info\/promos\/#organization\",\"name\":\"Divulgaci\\u00f3n Din\\u00e1mica S.L.\",\"url\":\"https:\/\/divulgaciondinamica.info\/promos\/\",\"sameAs\":[\"https:\/\/www.facebook.com\/divulgaciondinamicaformacion\/\",\"https:\/\/www.instagram.com\/divulgaciondinamica\",\"https:\/\/www.linkedin.com\/company-beta\/9490428\/\",\"https:\/\/www.youtube.com\/user\/ddinamica2010\",\"https:\/\/twitter.com\/divulgaciond\"],\"logo\":{\"@type\":\"ImageObject\",\"@id\":\"https:\/\/divulgaciondinamica.info\/promos\/#logo\",\"inLanguage\":\"es\",\"url\":\"https:\/\/divulgaciondinamica.info\/promos\/wp-content\/uploads\/2016\/02\/logo-divulgaciondinamica-ddf.png\",\"width\":400,\"height\":79,\"caption\":\"Divulgaci\\u00f3n Din\\u00e1mica S.L.\"},\"image\":{\"@id\":\"https:\/\/divulgaciondinamica.info\/promos\/#logo\"}},{\"@type\":\"WebSite\",\"@id\":\"https:\/\/divulgaciondinamica.info\/promos\/#website\",\"url\":\"https:\/\/divulgaciondinamica.info\/promos\/\",\"name\":\"Divulgaci\\u00f3n Din\\u00e1mica\",\"description\":\"Formaci\\u00f3n de calidad al alcance de todos\",\"publisher\":{\"@id\":\"https:\/\/divulgaciondinamica.info\/promos\/#organization\"},\"potentialAction\":[{\"@type\":\"SearchAction\",\"target\":\"https:\/\/divulgaciondinamica.info\/promos\/?s={search_term_string}\",\"query-input\":\"required name=search_term_string\"}],\"inLanguage\":\"es\"},{\"@type\":\"WebPage\",\"@id\":\"https:\/\/divulgaciondinamica.info\/promos\/curso-de-montessori-minimal\/#webpage\",\"url\":\"https:\/\/divulgaciondinamica.info\/promos\/curso-de-montessori-minimal\/\",\"name\":\"Curso de Montessori minimal - Divulgaci\\u00f3n Din\\u00e1mica\",\"isPartOf\":{\"@id\":\"https:\/\/divulgaciondinamica.info\/promos\/#website\"},\"datePublished\":\"2019-03-22T10:54:27+00:00\",\"dateModified\":\"2019-03-25T10:30:19+00:00\",\"inLanguage\":\"es\",\"potentialAction\":[{\"@type\":\"ReadAction\",\"target\":[\"https:\/\/divulgaciondinamica.info\/promos\/curso-de-montessori-minimal\/\"]}]}]}<\/script>\n<!-- \/ Yoast SEO plugin. -->","_links":{"self":[{"href":"https:\/\/divulgaciondinamica.info\/promos\/wp-json\/wp\/v2\/pages\/17753"}],"collection":[{"href":"https:\/\/divulgaciondinamica.info\/promos\/wp-json\/wp\/v2\/pages"}],"about":[{"href":"https:\/\/divulgaciondinamica.info\/promos\/wp-json\/wp\/v2\/types\/page"}],"author":[{"embeddable":true,"href":"https:\/\/divulgaciondinamica.info\/promos\/wp-json\/wp\/v2\/users\/1"}],"replies":[{"embeddable":true,"href":"https:\/\/divulgaciondinamica.info\/promos\/wp-json\/wp\/v2\/comments?post=17753"}],"version-history":[{"count":5,"href":"https:\/\/divulgaciondinamica.info\/promos\/wp-json\/wp\/v2\/pages\/17753\/revisions"}],"predecessor-version":[{"id":17825,"href":"https:\/\/divulgaciondinamica.info\/promos\/wp-json\/wp\/v2\/pages\/17753\/revisions\/17825"}],"wp:attachment":[{"href":"https:\/\/divulgaciondinamica.info\/promos\/wp-json\/wp\/v2\/media?parent=17753"}],"curies":[{"name":"wp","href":"https:\/\/api.w.org\/{rel}","templated":true}]}}