{"id":1083,"date":"2015-10-15T09:35:36","date_gmt":"2015-10-15T09:35:36","guid":{"rendered":"http:\/\/divulgaciondinamica.info\/promos\/?page_id=1083"},"modified":"2015-10-19T09:59:54","modified_gmt":"2015-10-19T09:59:54","slug":"ria-la-animacion-sociocultural-una-introduccion-pedagogica","status":"publish","type":"page","link":"https:\/\/divulgaciondinamica.info\/promos\/ria-la-animacion-sociocultural-una-introduccion-pedagogica\/","title":{"rendered":"RIA &#8211; La Animaci\u00f3n Sociocultural, una introducci\u00f3n pedag\u00f3gica"},"content":{"rendered":"<p>[vc_row css=\u00bb.vc_custom_1444907298779{margin-top: 5px !important;margin-bottom: 25px !important;}\u00bb][vc_column width=\u00bb1\/2&#8243;][vc_single_image image=\u00bb1096&#8243; img_size=\u00bb472&#215;115&#8243;][\/vc_column][vc_column width=\u00bb1\/2&#8243;][vc_column_text]<\/p>\n<h6 style=\"text-align: right;\"><strong><span style=\"color: #1c4968;\"><br \/>\nTel\u00e9fono internacional: <i class=\"fa fa-whatsapp\"><\/i> +34 620 77 31 43<\/span><br \/>\n<\/strong><\/h6>\n<h6 style=\"text-align: right;\"><span style=\"color: #b8b8b8;\"><strong>info@planformativoria.info<\/strong><\/span><\/h6>\n<p>[\/vc_column_text][\/vc_column][\/vc_row][vc_row][vc_column][vc_column_text]<img loading=\"lazy\" class=\"alignleft wp-image-1093 size-full\" src=\"http:\/\/divulgaciondinamica.info\/promos\/wp-content\/uploads\/2015\/10\/imagen-curso-ria_01.jpg\" alt=\"\" width=\"643\" height=\"434\" srcset=\"https:\/\/divulgaciondinamica.info\/promos\/wp-content\/uploads\/2015\/10\/imagen-curso-ria_01.jpg 643w, https:\/\/divulgaciondinamica.info\/promos\/wp-content\/uploads\/2015\/10\/imagen-curso-ria_01-300x202.jpg 300w\" sizes=\"(max-width: 643px) 100vw, 643px\" \/><a href=\"https:\/\/docs.google.com\/forms\/d\/1dvbADuJplyO3SYmQ0gBj0K5AssW-0AVzkwhGl5dD8jk\/viewform\" target=\"_blank\"><img loading=\"lazy\" class=\"alignleft wp-image-1187 size-full\" src=\"http:\/\/divulgaciondinamica.info\/promos\/wp-content\/uploads\/2015\/10\/BTN-MAS-INFORMACION_02.png\" alt=\"\" width=\"417\" height=\"434\" srcset=\"https:\/\/divulgaciondinamica.info\/promos\/wp-content\/uploads\/2015\/10\/BTN-MAS-INFORMACION_02.png 417w, https:\/\/divulgaciondinamica.info\/promos\/wp-content\/uploads\/2015\/10\/BTN-MAS-INFORMACION_02-288x300.png 288w\" sizes=\"(max-width: 417px) 100vw, 417px\" \/><\/a>[\/vc_column_text][vc_row_inner][vc_column_inner][vc_column_text]<\/p>\n<p style=\"text-align: center;\"><em>Este Curso de 100 horas pertenece al itinerario del Experto Iberoamericano de Animaci\u00f3n Sociocultural y Desarrollo Comunitario (300 horas).<br \/>\n<strong>Es necesario completar un total de 3 Cursos para recibir el t\u00edtulo de Experto.<\/strong><br \/>\n<\/em><\/p>\n<p>[\/vc_column_text][\/vc_column_inner][\/vc_row_inner][\/vc_column][\/vc_row][vc_row css=\u00bb.vc_custom_1427805189823{margin-top: 35px !important;margin-bottom: 35px !important;}\u00bb][vc_column width=\u00bb1\/2&#8243;][vc_column_text css=\u00bb.vc_custom_1444909362780{margin-bottom: 30px !important;}\u00bb]<\/p>\n<div id=\"stcpDiv\">\n<h3 style=\"text-align: left;\" align=\"justify\"><span style=\"color: #214984;\">Presentaci\u00f3n del Programa:<\/span><\/h3>\n<p>&nbsp;<\/p>\n<p>El Plan Formativo Modular es un proyecto impulsado por la Red Iberoamericana de Animaci\u00f3n Sociocultural que busca cubrir un importante hueco en el panorama actual de la formaci\u00f3n en animaci\u00f3n sociocultural en el espacio iberoamericano.<\/p>\n<p>Con este Plan se impulsa de forma decidida el intercambio de informaci\u00f3n y experiencias en el \u00e1mbito de la animaci\u00f3n y los diferentes agentes sociales que intervienen en los diferentes territorios.<\/p>\n<\/div>\n<p>[\/vc_column_text][vc_column_text css=\u00bb.vc_custom_1444908464993{margin-bottom: 30px !important;}\u00bb]<\/p>\n<div id=\"stcpDiv\">\n<h3 style=\"text-align: left;\" align=\"justify\"><span style=\"color: #214984;\">\u00bfQu\u00e9 es la RIA?<br \/>\n<\/span><\/h3>\n<p>&nbsp;<\/p>\n<p>La <strong>RIA (Red Iberoamericana de Animaci\u00f3n Sociocultural)<\/strong> nace con la vocaci\u00f3n de convertirse en\u00a0 la mayor y m\u00e1s representativa\u00a0 Red internacional de personas e instituciones p\u00fablicas y privadas interesadas o vinculadas a la ASC en cualquiera de sus \u00e1mbitos o modalidades (educaci\u00f3n en el tiempo libre y recreaci\u00f3n, dinamizaci\u00f3n y promoci\u00f3n cultural, desarrollo comunitario, educaci\u00f3n y cultura popular\u2026).<\/p>\n<p>Ante el deseo de hacer justicia y la necesidad de superar el aislamiento y la dispersi\u00f3n de una vasta constelaci\u00f3n de instituciones, andaduras e iniciativas educativas y socioculturales vinculadas al campo de la animaci\u00f3n, el tiempo libre y el desarrollo comunitario, existentes \u2013bastantes de ellas desde hace muchos lustros-\u00a0 en nuestra Comunidad Iberoamericana.<\/p>\n<p>Para responder al reto de adaptar la ASC a la Nueva Sociedad del S.XXI: global y del conocimiento y de la comunicaci\u00f3n y trabajo en Red.<\/p>\n<p>La RIA pretende ser una plataforma organizada y representativa que visibilice, ponga en valor y trabaje por el reconocimiento social, acad\u00e9mico y profesional de todos los agentes e instituciones socioculturales, intentando dar respuesta a sus intereses y necesidades de promoci\u00f3n, desarrollo y formaci\u00f3n.<\/p>\n<p>Estructura de Red: Trabajo en red bajo los principios de: participaci\u00f3n activa, horizontalidad y trabajo en grupo.<\/p>\n<p>Estructura reticular y descentralizada a trav\u00e9s de Nodos\u00a0 con identidad y naturaleza jur\u00eddica propia,\u00a0 vinculados a la vez a la RIA a trav\u00e9s de sus \u00f3rganos representativos y de Gobierno.<\/p>\n<\/div>\n<p>[\/vc_column_text][\/vc_column][vc_column width=\u00bb1\/2&#8243;][vc_column_text]<\/p>\n<div id=\"stcpDiv\">\n<h3 style=\"text-align: left;\" align=\"justify\"><span style=\"color: #214984;\">Temario del Curso:<\/span><\/h3>\n<p>&nbsp;<\/p>\n<div id=\"stcpDiv\">\n<p><strong>1. ANIMACI\u00d3N SOCIOCULTURAL<\/strong><\/p>\n<p>1.1 Proporcionar los conocimientos te\u00f3ricos y metodol\u00f3gicos que fundamentan a la Animaci\u00f3n Sociocultural como estrategia de intervenci\u00f3n sociocultural<br \/>\n1.2 Comprender el alcance y significado actual de la participaci\u00f3n ciudadana en el marco de la Animaci\u00f3n Sociocultural<br \/>\n1.3 Reflexionar sobre el papel de la Animaci\u00f3n Sociocultural en la sociedad moderna<\/p>\n<p><strong>2. PEDAGOG\u00cdA DEL OCIO Y DEL TIEMPO LIBRE<\/strong><\/p>\n<p>2.1 Concepto de ocio y concepto de tiempo libre<br \/>\n2.2 Ocio y educaci\u00f3n<br \/>\n2.3 Implicaciones actuales de la pedagog\u00eda del ocio y el tiempo libre<br \/>\n2.4 Contenidos de la pedagog\u00eda del ocio. La planificaci\u00f3n<br \/>\n2.5 Monitor\/a de ocio y tiempo libre<br \/>\n2.6 Posibilidades educativas del grupo<\/p>\n<\/div>\n<\/div>\n<p>[\/vc_column_text][vc_row_inner css=\u00bb.vc_custom_1444911276156{padding-top: 15px !important;padding-right: 15px !important;padding-bottom: 15px !important;padding-left: 15px !important;background-color: #f4f4f4 !important;}\u00bb][vc_column_inner][vc_column_text]<\/p>\n<h4><span style=\"color: #214984;\">PROGRAMACI\u00d3N DEL PLAN FORMATIVO COMPLETO:<\/span><\/h4>\n<p><strong><br \/>\n<span style=\"color: #ababab;\">CURSO 1: LA ANIMACI\u00d3N SOCIOCULTURAL, UNA INTRODUCCI\u00d3N PEDAG\u00d3GICA (100 h.)<\/span><\/strong><br \/>\n<span style=\"color: #ababab;\"> <em>FECHA: 9 noviembre 2015 &#8211; 22 enero 2016<\/em><\/span><\/p>\n<p><span style=\"color: #808080;\"><strong>CURSO 2: C\u00d3MO ALCANZAR LA PARTICIPACI\u00d3N A TRAV\u00c9S DE LA ANIMACI\u00d3N SOCIOCULTURAL (100 h.)<\/strong><\/span><br \/>\n<span style=\"color: #808080;\"> <em>FECHA: 5 febrero &#8211; 4 abril 2016<\/em><\/span><\/p>\n<p><span style=\"color: #808080;\"><strong>CURSO 3: LA TRANSFORMACIONES QUE VA ADQUIRIENDO LA ANIMACI\u00d3N SOCIOCULTURAL (100 h.)<\/strong><\/span><br \/>\n<span style=\"color: #808080;\"> <em>FECHA: 15 abril &#8211; 15 junio 2016<\/em><\/span><\/p>\n<p><span style=\"color: #808080;\"><strong>CURSO-SEMINARIO 4: LA ANIMACI\u00d3N SOCIOCULTURAL EN LA PEN\u00cdNSULA IB\u00c9RICA (100 h.)<\/strong><\/span><br \/>\n<span style=\"color: #808080;\"> <em>FECHA: 24 junio &#8211; 7 septiembre 2016<\/em><\/span><\/p>\n<p><span style=\"color: #808080;\"><strong>CURSO-SEMINARIO 5: LA ANIMACI\u00d3N SOCIOCULTURAL EN LATINOAM\u00c9RICA I (100 h.)<\/strong><\/span><br \/>\n<span style=\"color: #808080;\"> <em>FECHA: 16 septiembre &#8211; 16 noviembre 2016<\/em><\/span><\/p>\n<p><span style=\"color: #808080;\"><strong>CURSO-SEMINARIO 6: LA ANIMACI\u00d3N SOCIOCULTURAL EN LATINOAM\u00c9RICA II (100 h.)<\/strong><\/span><br \/>\n<span style=\"color: #808080;\"> <em>FECHA: 27 noviembre 2016 &#8211; 10 febrero 2017<\/em><\/span>[\/vc_column_text][\/vc_column_inner][\/vc_row_inner][\/vc_column][\/vc_row][vc_row css=\u00bb.vc_custom_1427806970509{margin-top: 35px !important;margin-bottom: 35px !important;}\u00bb][vc_column][vc_column_text]<\/p>\n<p style=\"text-align: center;\"><a class=\"vc_btn vc_btn_orange vc_btn-orange vc_btn_lg vc_btn-lg vc_btn_rounded\" title=\"\" href=\"https:\/\/docs.google.com\/forms\/d\/1dvbADuJplyO3SYmQ0gBj0K5AssW-0AVzkwhGl5dD8jk\/viewform\" target=\"_self\">M\u00c1S INFORMACI\u00d3N<\/a><\/p>\n<p>[\/vc_column_text][\/vc_column][\/vc_row]<\/p>\n","protected":false},"excerpt":{"rendered":"<p>[vc_row css=\u00bb.vc_custom_1444907298779{margin-top: 5px !important;margin-bottom: 25px !important;}\u00bb][vc_column width=\u00bb1\/2&#8243;][vc_single_image image=\u00bb1096&#8243; img_size=\u00bb472&#215;115&#8243;][\/vc_column][vc_column width=\u00bb1\/2&#8243;][vc_column_text] Tel\u00e9fono internacional: +34 620 77 31 43 info@planformativoria.info [\/vc_column_text][\/vc_column][\/vc_row][vc_row][vc_column][vc_column_text][\/vc_column_text][vc_row_inner][vc_column_inner][vc_column_text] Este Curso de 100 horas pertenece al itinerario del Experto Iberoamericano de Animaci\u00f3n Sociocultural y Desarrollo Comunitario (300 horas). Es necesario<\/p>\n","protected":false},"author":1,"featured_media":0,"parent":0,"menu_order":0,"comment_status":"closed","ping_status":"closed","template":"","meta":[],"yoast_head":"<!-- This site is optimized with the Yoast SEO plugin v15.7 - https:\/\/yoast.com\/wordpress\/plugins\/seo\/ -->\n<title>RIA - La Animaci\u00f3n Sociocultural, una introducci\u00f3n pedag\u00f3gica - Divulgaci\u00f3n Din\u00e1mica<\/title>\n<meta name=\"robots\" content=\"index, follow, max-snippet:-1, max-image-preview:large, max-video-preview:-1\" \/>\n<link rel=\"canonical\" href=\"https:\/\/divulgaciondinamica.info\/promos\/ria-la-animacion-sociocultural-una-introduccion-pedagogica\/\" \/>\n<meta property=\"og:locale\" content=\"es_ES\" \/>\n<meta property=\"og:type\" content=\"article\" \/>\n<meta property=\"og:title\" content=\"RIA - La Animaci\u00f3n Sociocultural, una introducci\u00f3n pedag\u00f3gica - Divulgaci\u00f3n Din\u00e1mica\" \/>\n<meta property=\"og:description\" content=\"[vc_row css=\u00bb.vc_custom_1444907298779{margin-top: 5px !important;margin-bottom: 25px !important;}\u00bb][vc_column width=\u00bb1\/2&#8243;][vc_single_image image=\u00bb1096&#8243; img_size=\u00bb472&#215;115&#8243;][\/vc_column][vc_column width=\u00bb1\/2&#8243;][vc_column_text] Tel\u00e9fono internacional: +34 620 77 31 43 info@planformativoria.info [\/vc_column_text][\/vc_column][\/vc_row][vc_row][vc_column][vc_column_text][\/vc_column_text][vc_row_inner][vc_column_inner][vc_column_text] Este Curso de 100 horas pertenece al itinerario del Experto Iberoamericano de Animaci\u00f3n Sociocultural y Desarrollo Comunitario (300 horas). Es necesario\" \/>\n<meta property=\"og:url\" content=\"https:\/\/divulgaciondinamica.info\/promos\/ria-la-animacion-sociocultural-una-introduccion-pedagogica\/\" \/>\n<meta property=\"og:site_name\" content=\"Divulgaci\u00f3n Din\u00e1mica\" \/>\n<meta property=\"article:publisher\" content=\"https:\/\/www.facebook.com\/divulgaciondinamicaformacion\/\" \/>\n<meta property=\"article:modified_time\" content=\"2015-10-19T09:59:54+00:00\" \/>\n<meta property=\"og:image\" content=\"http:\/\/divulgaciondinamica.info\/promos\/wp-content\/uploads\/2015\/10\/imagen-curso-ria_01.jpg\" \/>\n<meta name=\"twitter:card\" content=\"summary_large_image\" \/>\n<meta name=\"twitter:site\" content=\"@divulgaciond\" \/>\n<meta name=\"twitter:label1\" content=\"Tiempo de lectura\">\n\t<meta name=\"twitter:data1\" content=\"4 minutos\">\n<script type=\"application\/ld+json\" class=\"yoast-schema-graph\">{\"@context\":\"https:\/\/schema.org\",\"@graph\":[{\"@type\":\"Organization\",\"@id\":\"https:\/\/divulgaciondinamica.info\/promos\/#organization\",\"name\":\"Divulgaci\\u00f3n Din\\u00e1mica S.L.\",\"url\":\"https:\/\/divulgaciondinamica.info\/promos\/\",\"sameAs\":[\"https:\/\/www.facebook.com\/divulgaciondinamicaformacion\/\",\"https:\/\/www.instagram.com\/divulgaciondinamica\",\"https:\/\/www.linkedin.com\/company-beta\/9490428\/\",\"https:\/\/www.youtube.com\/user\/ddinamica2010\",\"https:\/\/twitter.com\/divulgaciond\"],\"logo\":{\"@type\":\"ImageObject\",\"@id\":\"https:\/\/divulgaciondinamica.info\/promos\/#logo\",\"inLanguage\":\"es\",\"url\":\"https:\/\/divulgaciondinamica.info\/promos\/wp-content\/uploads\/2016\/02\/logo-divulgaciondinamica-ddf.png\",\"width\":400,\"height\":79,\"caption\":\"Divulgaci\\u00f3n Din\\u00e1mica S.L.\"},\"image\":{\"@id\":\"https:\/\/divulgaciondinamica.info\/promos\/#logo\"}},{\"@type\":\"WebSite\",\"@id\":\"https:\/\/divulgaciondinamica.info\/promos\/#website\",\"url\":\"https:\/\/divulgaciondinamica.info\/promos\/\",\"name\":\"Divulgaci\\u00f3n Din\\u00e1mica\",\"description\":\"Formaci\\u00f3n de calidad al alcance de todos\",\"publisher\":{\"@id\":\"https:\/\/divulgaciondinamica.info\/promos\/#organization\"},\"potentialAction\":[{\"@type\":\"SearchAction\",\"target\":\"https:\/\/divulgaciondinamica.info\/promos\/?s={search_term_string}\",\"query-input\":\"required name=search_term_string\"}],\"inLanguage\":\"es\"},{\"@type\":\"ImageObject\",\"@id\":\"https:\/\/divulgaciondinamica.info\/promos\/ria-la-animacion-sociocultural-una-introduccion-pedagogica\/#primaryimage\",\"inLanguage\":\"es\",\"url\":\"http:\/\/divulgaciondinamica.info\/promos\/wp-content\/uploads\/2015\/10\/imagen-curso-ria_01.jpg\"},{\"@type\":\"WebPage\",\"@id\":\"https:\/\/divulgaciondinamica.info\/promos\/ria-la-animacion-sociocultural-una-introduccion-pedagogica\/#webpage\",\"url\":\"https:\/\/divulgaciondinamica.info\/promos\/ria-la-animacion-sociocultural-una-introduccion-pedagogica\/\",\"name\":\"RIA - La Animaci\\u00f3n Sociocultural, una introducci\\u00f3n pedag\\u00f3gica - Divulgaci\\u00f3n Din\\u00e1mica\",\"isPartOf\":{\"@id\":\"https:\/\/divulgaciondinamica.info\/promos\/#website\"},\"primaryImageOfPage\":{\"@id\":\"https:\/\/divulgaciondinamica.info\/promos\/ria-la-animacion-sociocultural-una-introduccion-pedagogica\/#primaryimage\"},\"datePublished\":\"2015-10-15T09:35:36+00:00\",\"dateModified\":\"2015-10-19T09:59:54+00:00\",\"inLanguage\":\"es\",\"potentialAction\":[{\"@type\":\"ReadAction\",\"target\":[\"https:\/\/divulgaciondinamica.info\/promos\/ria-la-animacion-sociocultural-una-introduccion-pedagogica\/\"]}]}]}<\/script>\n<!-- \/ Yoast SEO plugin. -->","_links":{"self":[{"href":"https:\/\/divulgaciondinamica.info\/promos\/wp-json\/wp\/v2\/pages\/1083"}],"collection":[{"href":"https:\/\/divulgaciondinamica.info\/promos\/wp-json\/wp\/v2\/pages"}],"about":[{"href":"https:\/\/divulgaciondinamica.info\/promos\/wp-json\/wp\/v2\/types\/page"}],"author":[{"embeddable":true,"href":"https:\/\/divulgaciondinamica.info\/promos\/wp-json\/wp\/v2\/users\/1"}],"replies":[{"embeddable":true,"href":"https:\/\/divulgaciondinamica.info\/promos\/wp-json\/wp\/v2\/comments?post=1083"}],"version-history":[{"count":5,"href":"https:\/\/divulgaciondinamica.info\/promos\/wp-json\/wp\/v2\/pages\/1083\/revisions"}],"predecessor-version":[{"id":1192,"href":"https:\/\/divulgaciondinamica.info\/promos\/wp-json\/wp\/v2\/pages\/1083\/revisions\/1192"}],"wp:attachment":[{"href":"https:\/\/divulgaciondinamica.info\/promos\/wp-json\/wp\/v2\/media?parent=1083"}],"curies":[{"name":"wp","href":"https:\/\/api.w.org\/{rel}","templated":true}]}}